{"id":3021,"date":"2021-01-29T17:24:26","date_gmt":"2021-01-29T16:24:26","guid":{"rendered":"http:\/\/serwer65852.lh.pl\/wnaprawaiphone.pl\/wordnaprawaiphone.pl\/?page_id=3021"},"modified":"2021-02-01T01:32:51","modified_gmt":"2021-02-01T00:32:51","slug":"serwi-iphone","status":"publish","type":"page","link":"https:\/\/naprawaiphone.pl\/index.php\/serwi-iphone\/","title":{"rendered":"Serwis"},"content":{"rendered":"<p>[vc_row][vc_column][fr_heading text=&#8221;Profesjonalny Serwis iPhone Apple&#8221; align_lg=&#8221;align-center&#8221; align_md=&#8221;align-center-md&#8221; align_sm=&#8221;align-center-sm&#8221; align_xs=&#8221;align-center-xs&#8221;][\/vc_column][\/vc_row][vc_row][vc_column width=&#8221;1\/2&#8243;][fr_space space_lg=&#8221;130&#8243; space_md=&#8221;100&#8243; space_sm=&#8221;50&#8243;][vc_column_text]<\/p>\n<div class=\"hhB0V\"><\/div>\n<div id=\"KnM9nf\">\n<div id=\"tw-source\">\n<div id=\"tw-source-rmn-container\" class=\"tw-ta-container tw-nfl\">\n<p id=\"tw-source-rmn\" class=\"tw-data-placeholder tw-text-small tw-ta\" dir=\"ltr\">Wiemy, \u017ce Twoje urz\u0105dzenie jest dla Ciebie wa\u017cne, dlatego staramy si\u0119 je naprawi\u0107 w ci\u0105gu 24 godzin od otrzymania urz\u0105dzenia.<\/p>\n<\/div>\n<\/div>\n<\/div>\n<div id=\"tw-smenu\" class=\"tw-menu\"><\/div>\n<p>[\/vc_column_text][vc_column_text]Kiedy powierzysz nam swoje urz\u0105dzenie, technik serwisu od razu zajmie si\u0119 Twoim urz\u0105dzeniem, ustali co jest uszkodzone i wyceni koszty naprawy. Po Twojej akceptacji koszt\u00f3w niezw\u0142ocznie przyst\u0105pi do naprawy lub wymiany uszkodzonego podzespo\u0142u.[\/vc_column_text][fr_space space_lg=&#8221;130&#8243; space_md=&#8221;100&#8243; space_sm=&#8221;50&#8243;][\/vc_column][vc_column width=&#8221;1\/2&#8243;][vc_single_image image=&#8221;1238&#8243; img_size=&#8221;full&#8221; alignment=&#8221;center&#8221;][\/vc_column][\/vc_row][vc_row css=&#8221;.vc_custom_1548412273834{padding-top: 74px !important;padding-bottom: 69px !important;}&#8221;][vc_column][vc_row_inner][vc_column_inner][\/vc_column_inner][\/vc_row_inner][fr_heading cms_template=&#8221;fr_heading&#8211;layout1.php&#8221; align_lg=&#8221;align-center&#8221; align_md=&#8221;align-center-md&#8221; align_sm=&#8221;align-center-sm&#8221; align_xs=&#8221;align-center-xs&#8221; title=&#8221;Najcz\u0119stsze usterki naszych iPhone&#8221; sub_title=&#8221;O jab\u0142uszkach wiemy prawie wszystko znamy ich wszystkie odmiany i choroby ich trapi\u0105ce :)&#8221;][\/vc_column][\/vc_row][vc_row][vc_column width=&#8221;1\/2&#8243;][fr_heading text=&#8221;iPhone nie w\u0142\u0105cza si\u0119&#8221; font_size=&#8221;20px&#8221; font_size_md=&#8221;20px&#8221; font_size_sm=&#8221;20px&#8221; font_size_xs=&#8221;20px&#8221; font_weight=&#8221;400&#8243; letter_spacing=&#8221;0px&#8221; text_color=&#8221;#032549&#8243; custom_local_fonts=&#8221;true&#8221; local_fonts=&#8221;AktivGrotesk-Bold&#8221; des_font_weight=&#8221;400&#8243; description_line_height=&#8221;26px&#8221; description_margin=&#8221;52px&#8221; description_color=&#8221;#032549&#8243; description=&#8221;Kiedy nasz iPhone odmawia pos\u0142usze\u0144stwa. Przyczyn nie w\u0142\u0105czania si\u0119 iPhone, mo\u017ce by\u0107 wiele. W zale\u017cno\u015bci od modelu mo\u017cemy domniema\u0107 co mog\u0142o si\u0119 wydarzy\u0107. Je\u017celi mamy do czynienia z urz\u0105dzeniem starszym 2-3 letnim bardzo cz\u0119sto dochodzi do uszkodzenia modu\u0142u \u0142adowania. W takiej sytuacji uk\u0142ad sygnalizuje zwarcie i nie pozwala na wej\u015bcie do systemu. Jednym z objaw\u00f3w mo\u017ce by\u0107 pr\u00f3ba uruchomienia sygnalizowana pojawianiem si\u0119 i gasn\u0105cym cyklicznie jab\u0142uszkiem.&#8221; margin_bottom=&#8221;28px&#8221;][fr_heading text=&#8221;Ekran dotykowy w iPhone nie dzia\u0142a.&#8221; font_size=&#8221;20px&#8221; font_size_md=&#8221;20px&#8221; font_size_sm=&#8221;20px&#8221; font_size_xs=&#8221;20px&#8221; font_weight=&#8221;400&#8243; letter_spacing=&#8221;0px&#8221; text_color=&#8221;#032549&#8243; custom_local_fonts=&#8221;true&#8221; local_fonts=&#8221;AktivGrotesk-Bold&#8221; des_font_weight=&#8221;400&#8243; description_line_height=&#8221;26px&#8221; description_margin=&#8221;52px&#8221; description_color=&#8221;#032549&#8243; description=&#8221;Z ka\u017cd\u0105 kolejn\u0105 generacj\u0105 telefonu apple producent wprowadza nowe funkcje. Wszystko po to \u017ceby jego u\u017cytkowanie by\u0142o jeszcze bardziej komfortowe. Ekran naszego telefonu sk\u0142ada si\u0119 z ( wy\u015bwietlacza i digitizera). Szyba po kt\u00f3rej przesuwamy palcem jest mostem w interfejsie u\u017cytkownik-telefon. Dlatego bardzo wa\u017cne jest \u017ceby nasz ekran by\u0142 w idealnej kondycji. Uszkodzona fizycznie szyba kt\u00f3ra jest pop\u0119kana mo\u017ce mie\u0107 wp\u0142yw na prawid\u0142owe dzia\u0142anie funkcji dotyku.&#8221; margin_bottom=&#8221;28px&#8221;][fr_heading text=&#8221;D\u017awi\u0119k z mojego iPhone jest bardzo cichy&#8221; font_size=&#8221;20px&#8221; font_size_md=&#8221;20px&#8221; font_size_sm=&#8221;20px&#8221; font_size_xs=&#8221;20px&#8221; font_weight=&#8221;400&#8243; letter_spacing=&#8221;0px&#8221; text_color=&#8221;#032549&#8243; custom_local_fonts=&#8221;true&#8221; local_fonts=&#8221;AktivGrotesk-Bold&#8221; des_font_weight=&#8221;400&#8243; description_line_height=&#8221;26px&#8221; description_margin=&#8221;45px&#8221; description_color=&#8221;#032549&#8243; description=&#8221;Z biegiem czasu u\u017cytkowania iPhone zaczynamy odczuwa\u0107 redukcj\u0119 si\u0142y g\u0142osu. Problem ten dotyka 80% telefon\u00f3w iPhone kt\u00f3re mamy w u\u017cyciu d\u0142u\u017cszy czas. Drobinki kurzu i py\u0142u dostaj\u0105 si\u0119 kana\u0142\u00f3w wylotowych zatykaj\u0105c je. Efektem takiego stanu jest st\u0142umiony d\u017awi\u0119k s\u0142uchawki lub g\u0142o\u015bnika zewn\u0119trznego.&#8221; margin_bottom=&#8221;28px&#8221;][\/vc_column][vc_column width=&#8221;1\/2&#8243;][fr_heading text=&#8221;Zbity ekran w telefonie iPhone&#8221; font_size=&#8221;20px&#8221; font_size_md=&#8221;20px&#8221; font_size_sm=&#8221;20px&#8221; font_size_xs=&#8221;20px&#8221; font_weight=&#8221;400&#8243; letter_spacing=&#8221;0px&#8221; text_color=&#8221;#032549&#8243; custom_local_fonts=&#8221;true&#8221; local_fonts=&#8221;AktivGrotesk-Bold&#8221; des_font_weight=&#8221;400&#8243; description_line_height=&#8221;26px&#8221; description_margin=&#8221;51px&#8221; description_color=&#8221;#032549&#8243; description=&#8221;Telefon upa\u0142, s\u0142ycha\u0107 d\u017awi\u0119ki ale nic nie wida\u0107 na ekranie, W takim przypadku mamy do czynienia z typow\u0105 usterk\u0105 trapi\u0105ca niemal\u017ce wszystkich u\u017cytkownik\u00f3w smartfon. Zbity ekran w iPhone jest cz\u0119st\u0105 napraw\u0105 wykonywan\u0105 w naszym serwisie. Poprzez ekran naszego telefonu mo\u017cemy zobaczy\u0107 efekt pracy podzespo\u0142\u00f3w zawartych na p\u0142ycie g\u0142\u00f3wnej takich jak pami\u0119\u0107 czy procesor. Ekran nie ma wp\u0142ywu na szybko\u015b\u0107 dzia\u0142ania naszego urz\u0105dzenia. Wymiana jego na nowy nie ma wp\u0142ywu na szybko\u015b\u0107 dzia\u0142ania telefonu lecz na komfort pracy.&#8221; margin_bottom=&#8221;28px&#8221;][fr_heading text=&#8221;iPhone nie \u0142aduje si\u0119 ?&#8221; font_size=&#8221;20px&#8221; font_size_md=&#8221;20px&#8221; font_size_sm=&#8221;20px&#8221; font_size_xs=&#8221;20px&#8221; line_height=&#8221;26px&#8221; font_weight=&#8221;400&#8243; letter_spacing=&#8221;0px&#8221; text_color=&#8221;#032549&#8243; custom_local_fonts=&#8221;true&#8221; local_fonts=&#8221;AktivGrotesk-Bold&#8221; des_font_weight=&#8221;400&#8243; description_line_height=&#8221;26px&#8221; description_margin=&#8221;51px&#8221; description_color=&#8221;#032549&#8243; description=&#8221;\u0141adowanie telefonu to czynno\u015b\u0107 kt\u00f3r\u0105 wykonujemy prawie codziennie Pami\u0119tajmy \u017ce tym samym gniazdem transferujemy dane na komputer, czy te\u017c od wersji modelu iPhone 7 u\u017cywamy do pod\u0142\u0105czenia s\u0142uchawek. Jedyny port wej\u015bcia\/ wyj\u015bcia kt\u00f3re mamy w telefonie IPhone to USB lighting. Wn\u0119kowa budowa gniazda sprzyja gromadzeniu si\u0119 kurzu i py\u0142u we wn\u0119trzu. D\u0142ugotrwale utrzymywanie zabrudzonego gniazda prowadzi do wypalania pin\u00f3w i trwa\u0142ego uszkodzenia portu usb.&#8221; margin_bottom=&#8221;28px&#8221;][fr_heading text=&#8221;Zapomnia\u0142em kodu odblokowania?&#8221; font_size=&#8221;20px&#8221; font_size_md=&#8221;20px&#8221; font_size_sm=&#8221;20px&#8221; font_size_xs=&#8221;20px&#8221; font_weight=&#8221;400&#8243; letter_spacing=&#8221;0px&#8221; text_color=&#8221;#032549&#8243; custom_local_fonts=&#8221;true&#8221; local_fonts=&#8221;AktivGrotesk-Bold&#8221; des_font_weight=&#8221;400&#8243; description_line_height=&#8221;26px&#8221; description_margin=&#8221;45px&#8221; description_color=&#8221;#032549&#8243; description=&#8221;Podczas konfiguracji telefonu iPhone, system prosi nas o podanie has\u0142a, kodu zabezpieczaj\u0105cego przed niepowo\u0142anym uruchomieniem. Jest to moment na kt\u00f3ry warto po\u015bwieci\u0107 chwil\u0119 zastanowienia, tak aby zapami\u0119ta\u0107 dane kt\u00f3re wprowadzili\u015bmy. W przypadku kiedy nieznany lub nie pami\u0119tamy kodu, ponowne uruchomienie telefonu b\u0119dzie tylko mo\u017cliwe z obligatoryjnym kasowaniem danych.&#8221; margin_bottom=&#8221;28px&#8221;][\/vc_column][\/vc_row][vc_row css=&#8221;.vc_custom_1548413243634{margin-top: 6px !important;margin-bottom: 100px !important;}&#8221;][vc_column width=&#8221;1\/2&#8243;][fr_button button_text=&#8221;inne usterki&#8221; button_link=&#8221;url:http%3A%2F%2Fnaprawaiphone.pl%2Findex.php%2Fuslugi-serwisowe%2F|title:Naprawa%20%C5%82adowania%20w%20telefonie&#8221; button_style=&#8221;btn-primary&#8221; align_lg=&#8221;align-right&#8221; align_md=&#8221;align-right-md&#8221; align_sm=&#8221;align-right-sm&#8221; align_xs=&#8221;align-center-xs&#8221; margin_bottom=&#8221;15px&#8221;][\/vc_column][vc_column width=&#8221;1\/2&#8243;][fr_button button_text=&#8221;wybierz model iPhone&#8221; button_link=&#8221;url:http%3A%2F%2Fnaprawaiphone.pl%2Findex.php%2Fmodele-iphone%2F|title:Wybierz%20swoje%20urz%C4%85dzenia&#8221; align_xs=&#8221;align-center-xs&#8221;][\/vc_column][\/vc_row]<\/p>\n","protected":false},"excerpt":{"rendered":"<p>[vc_row][vc_column][fr_heading text=&#8221;Profesjonalny Serwis iPhone Apple&#8221; align_lg=&#8221;align-center&#8221; align_md=&#8221;align-center-md&#8221; align_sm=&#8221;align-center-sm&#8221; align_xs=&#8221;align-center-xs&#8221;][\/vc_column][\/vc_row][vc_row][vc_column width=&#8221;1\/2&#8243;][fr_space space_lg=&#8221;130&#8243; space_md=&#8221;100&#8243; space_sm=&#8221;50&#8243;][vc_column_text] Wiemy, \u017ce Twoje urz\u0105dzenie jest dla Ciebie wa\u017cne, dlatego staramy si\u0119 je naprawi\u0107 w ci\u0105gu 24 godzin od otrzymania urz\u0105dzenia. [\/vc_column_text][vc_column_text]Kiedy powierzysz nam swoje urz\u0105dzenie, technik serwisu od razu zajmie si\u0119 Twoim urz\u0105dzeniem, ustali co jest uszkodzone i wyceni koszty naprawy. Po [&hellip;]<\/p>\n","protected":false},"author":1,"featured_media":0,"parent":0,"menu_order":0,"comment_status":"closed","ping_status":"closed","template":"","meta":{"footnotes":""},"yoast_head":"<!-- This site is optimized with the Yoast SEO plugin v21.6 - https:\/\/yoast.com\/wordpress\/plugins\/seo\/ -->\n<title>Serwis - Serwis i naprawa iPhone, iPad, iPod, Macbook<\/title>\n<meta name=\"description\" content=\"Serwis iPhone. Je\u015bli masz problem z dzia\u0142aniem twojego telefonu apple skorzystaj z profesjonalnego serwisu iPhone w naszych punktach.\" \/>\n<meta name=\"robots\" content=\"index, follow, max-snippet:-1, max-image-preview:large, max-video-preview:-1\" \/>\n<link rel=\"canonical\" href=\"https:\/\/naprawaiphone.pl\/index.php\/serwi-iphone\/\" \/>\n<meta property=\"og:locale\" content=\"pl_PL\" \/>\n<meta property=\"og:type\" content=\"article\" \/>\n<meta property=\"og:title\" content=\"Serwis - Serwis i naprawa iPhone, iPad, iPod, Macbook\" \/>\n<meta property=\"og:description\" content=\"Serwis iPhone. Je\u015bli masz problem z dzia\u0142aniem twojego telefonu apple skorzystaj z profesjonalnego serwisu iPhone w naszych punktach.\" \/>\n<meta property=\"og:url\" content=\"https:\/\/naprawaiphone.pl\/index.php\/serwi-iphone\/\" \/>\n<meta property=\"og:site_name\" content=\"Serwis i naprawa iPhone, iPad, iPod, Macbook\" \/>\n<meta property=\"article:modified_time\" content=\"2021-02-01T00:32:51+00:00\" \/>\n<meta name=\"twitter:card\" content=\"summary_large_image\" \/>\n<meta name=\"twitter:label1\" content=\"Szacowany czas czytania\" \/>\n\t<meta name=\"twitter:data1\" content=\"5 minut\" \/>\n<script type=\"application\/ld+json\" class=\"yoast-schema-graph\">{\"@context\":\"https:\/\/schema.org\",\"@graph\":[{\"@type\":\"WebPage\",\"@id\":\"https:\/\/naprawaiphone.pl\/index.php\/serwi-iphone\/\",\"url\":\"https:\/\/naprawaiphone.pl\/index.php\/serwi-iphone\/\",\"name\":\"Serwis - Serwis i naprawa iPhone, iPad, iPod, Macbook\",\"isPartOf\":{\"@id\":\"https:\/\/naprawaiphone.pl\/#website\"},\"datePublished\":\"2021-01-29T16:24:26+00:00\",\"dateModified\":\"2021-02-01T00:32:51+00:00\",\"description\":\"Serwis iPhone. Je\u015bli masz problem z dzia\u0142aniem twojego telefonu apple skorzystaj z profesjonalnego serwisu iPhone w naszych punktach.\",\"breadcrumb\":{\"@id\":\"https:\/\/naprawaiphone.pl\/index.php\/serwi-iphone\/#breadcrumb\"},\"inLanguage\":\"pl-PL\",\"potentialAction\":[{\"@type\":\"ReadAction\",\"target\":[\"https:\/\/naprawaiphone.pl\/index.php\/serwi-iphone\/\"]}]},{\"@type\":\"BreadcrumbList\",\"@id\":\"https:\/\/naprawaiphone.pl\/index.php\/serwi-iphone\/#breadcrumb\",\"itemListElement\":[{\"@type\":\"ListItem\",\"position\":1,\"name\":\"Strona g\u0142\u00f3wna\",\"item\":\"https:\/\/naprawaiphone.pl\/\"},{\"@type\":\"ListItem\",\"position\":2,\"name\":\"Serwis\"}]},{\"@type\":\"WebSite\",\"@id\":\"https:\/\/naprawaiphone.pl\/#website\",\"url\":\"https:\/\/naprawaiphone.pl\/\",\"name\":\"Serwis i naprawa iPhone, iPad, iPod, Macbook\",\"description\":\"Profesjonalny serwis urz\u0105dze\u0144 Apple iPhone, iPad, iPod, Macbook. Odwied\u017a nas w Warszawie i skorzystaj z naprawy od r\u0119ki.\",\"publisher\":{\"@id\":\"https:\/\/naprawaiphone.pl\/#organization\"},\"potentialAction\":[{\"@type\":\"SearchAction\",\"target\":{\"@type\":\"EntryPoint\",\"urlTemplate\":\"https:\/\/naprawaiphone.pl\/?s={search_term_string}\"},\"query-input\":\"required name=search_term_string\"}],\"inLanguage\":\"pl-PL\"},{\"@type\":\"Organization\",\"@id\":\"https:\/\/naprawaiphone.pl\/#organization\",\"name\":\"Centrum Urz\u0105dze\u0144 Mobilnych\",\"url\":\"https:\/\/naprawaiphone.pl\/\",\"logo\":{\"@type\":\"ImageObject\",\"inLanguage\":\"pl-PL\",\"@id\":\"https:\/\/naprawaiphone.pl\/#\/schema\/logo\/image\/\",\"url\":\"https:\/\/naprawaiphone.pl\/wp-content\/uploads\/2020\/10\/Logo_Slawek_duze-removebg-preview.png\",\"contentUrl\":\"https:\/\/naprawaiphone.pl\/wp-content\/uploads\/2020\/10\/Logo_Slawek_duze-removebg-preview.png\",\"width\":495,\"height\":504,\"caption\":\"Centrum Urz\u0105dze\u0144 Mobilnych\"},\"image\":{\"@id\":\"https:\/\/naprawaiphone.pl\/#\/schema\/logo\/image\/\"}}]}<\/script>\n<!-- \/ Yoast SEO plugin. -->","yoast_head_json":{"title":"Serwis - Serwis i naprawa iPhone, iPad, iPod, Macbook","description":"Serwis iPhone. Je\u015bli masz problem z dzia\u0142aniem twojego telefonu apple skorzystaj z profesjonalnego serwisu iPhone w naszych punktach.","robots":{"index":"index","follow":"follow","max-snippet":"max-snippet:-1","max-image-preview":"max-image-preview:large","max-video-preview":"max-video-preview:-1"},"canonical":"https:\/\/naprawaiphone.pl\/index.php\/serwi-iphone\/","og_locale":"pl_PL","og_type":"article","og_title":"Serwis - Serwis i naprawa iPhone, iPad, iPod, Macbook","og_description":"Serwis iPhone. Je\u015bli masz problem z dzia\u0142aniem twojego telefonu apple skorzystaj z profesjonalnego serwisu iPhone w naszych punktach.","og_url":"https:\/\/naprawaiphone.pl\/index.php\/serwi-iphone\/","og_site_name":"Serwis i naprawa iPhone, iPad, iPod, Macbook","article_modified_time":"2021-02-01T00:32:51+00:00","twitter_card":"summary_large_image","twitter_misc":{"Szacowany czas czytania":"5 minut"},"schema":{"@context":"https:\/\/schema.org","@graph":[{"@type":"WebPage","@id":"https:\/\/naprawaiphone.pl\/index.php\/serwi-iphone\/","url":"https:\/\/naprawaiphone.pl\/index.php\/serwi-iphone\/","name":"Serwis - Serwis i naprawa iPhone, iPad, iPod, Macbook","isPartOf":{"@id":"https:\/\/naprawaiphone.pl\/#website"},"datePublished":"2021-01-29T16:24:26+00:00","dateModified":"2021-02-01T00:32:51+00:00","description":"Serwis iPhone. Je\u015bli masz problem z dzia\u0142aniem twojego telefonu apple skorzystaj z profesjonalnego serwisu iPhone w naszych punktach.","breadcrumb":{"@id":"https:\/\/naprawaiphone.pl\/index.php\/serwi-iphone\/#breadcrumb"},"inLanguage":"pl-PL","potentialAction":[{"@type":"ReadAction","target":["https:\/\/naprawaiphone.pl\/index.php\/serwi-iphone\/"]}]},{"@type":"BreadcrumbList","@id":"https:\/\/naprawaiphone.pl\/index.php\/serwi-iphone\/#breadcrumb","itemListElement":[{"@type":"ListItem","position":1,"name":"Strona g\u0142\u00f3wna","item":"https:\/\/naprawaiphone.pl\/"},{"@type":"ListItem","position":2,"name":"Serwis"}]},{"@type":"WebSite","@id":"https:\/\/naprawaiphone.pl\/#website","url":"https:\/\/naprawaiphone.pl\/","name":"Serwis i naprawa iPhone, iPad, iPod, Macbook","description":"Profesjonalny serwis urz\u0105dze\u0144 Apple iPhone, iPad, iPod, Macbook. Odwied\u017a nas w Warszawie i skorzystaj z naprawy od r\u0119ki.","publisher":{"@id":"https:\/\/naprawaiphone.pl\/#organization"},"potentialAction":[{"@type":"SearchAction","target":{"@type":"EntryPoint","urlTemplate":"https:\/\/naprawaiphone.pl\/?s={search_term_string}"},"query-input":"required name=search_term_string"}],"inLanguage":"pl-PL"},{"@type":"Organization","@id":"https:\/\/naprawaiphone.pl\/#organization","name":"Centrum Urz\u0105dze\u0144 Mobilnych","url":"https:\/\/naprawaiphone.pl\/","logo":{"@type":"ImageObject","inLanguage":"pl-PL","@id":"https:\/\/naprawaiphone.pl\/#\/schema\/logo\/image\/","url":"https:\/\/naprawaiphone.pl\/wp-content\/uploads\/2020\/10\/Logo_Slawek_duze-removebg-preview.png","contentUrl":"https:\/\/naprawaiphone.pl\/wp-content\/uploads\/2020\/10\/Logo_Slawek_duze-removebg-preview.png","width":495,"height":504,"caption":"Centrum Urz\u0105dze\u0144 Mobilnych"},"image":{"@id":"https:\/\/naprawaiphone.pl\/#\/schema\/logo\/image\/"}}]}},"_links":{"self":[{"href":"https:\/\/naprawaiphone.pl\/index.php\/wp-json\/wp\/v2\/pages\/3021"}],"collection":[{"href":"https:\/\/naprawaiphone.pl\/index.php\/wp-json\/wp\/v2\/pages"}],"about":[{"href":"https:\/\/naprawaiphone.pl\/index.php\/wp-json\/wp\/v2\/types\/page"}],"author":[{"embeddable":true,"href":"https:\/\/naprawaiphone.pl\/index.php\/wp-json\/wp\/v2\/users\/1"}],"replies":[{"embeddable":true,"href":"https:\/\/naprawaiphone.pl\/index.php\/wp-json\/wp\/v2\/comments?post=3021"}],"version-history":[{"count":10,"href":"https:\/\/naprawaiphone.pl\/index.php\/wp-json\/wp\/v2\/pages\/3021\/revisions"}],"predecessor-version":[{"id":3093,"href":"https:\/\/naprawaiphone.pl\/index.php\/wp-json\/wp\/v2\/pages\/3021\/revisions\/3093"}],"wp:attachment":[{"href":"https:\/\/naprawaiphone.pl\/index.php\/wp-json\/wp\/v2\/media?parent=3021"}],"curies":[{"name":"wp","href":"https:\/\/api.w.org\/{rel}","templated":true}]}}