{"id":2789,"date":"2021-01-20T20:03:33","date_gmt":"2021-01-20T19:03:33","guid":{"rendered":"http:\/\/serwer65852.lh.pl\/wordnaprawaiphone.pl\/?page_id=2789"},"modified":"2021-02-01T09:10:30","modified_gmt":"2021-02-01T08:10:30","slug":"rezerwacja-naprawy","status":"publish","type":"page","link":"https:\/\/naprawaiphone.pl\/index.php\/rezerwacja-naprawy\/","title":{"rendered":"Rezerwacja naprawy"},"content":{"rendered":"<p>[vc_row][vc_column offset=&#8221;vc_col-lg-offset-2 vc_col-lg-8 vc_col-md-offset-2 vc_col-md-8&#8243;][fr_heading text=&#8221;Zarezerwuj serwis urz\u0105dzania apple&#8221; align_lg=&#8221;align-center&#8221; align_md=&#8221;align-center-md&#8221; align_sm=&#8221;align-center-sm&#8221; align_xs=&#8221;align-center-xs&#8221;][vc_empty_space][vc_column_text]Serwis Apple w Centrum Urz\u0105dze\u0144 Mobilnych mamy na najwy\u017cszym poziomie. Rozwi\u0105\u017cemy wszystkie problemy z telefonem iPhone, odtwarzaczem iPod, tabletem iPad, czy te\u017c komputerem Macbook. Szanujemy Tw\u00f3j czas i wiemy, \u017ce dzisiejsze urz\u0105dzenia mobilne to narz\u0119dzia, bez kt\u00f3rych nie mo\u017cna pracowa\u0107. Jeste\u015bmy w stanie zapewni\u0107 expresowy serwis wi\u0119kszo\u015bci usterek.<\/p>\n<p>Je\u015bli masz problem ze swoim jab\u0142uszkiem sprawd\u017a nasz serwis Apple. Zadzwo\u0144 i zarezerwuj napraw\u0119 na poczekaniu.[\/vc_column_text][vc_row_inner css=&#8221;.vc_custom_1560852708555{padding-top: 30px !important;}&#8221;][vc_column_inner][fr_heading text=&#8221;Wybierz swoje urz\u0105dzenie&#8221; align_lg=&#8221;align-center&#8221; align_md=&#8221;align-center-md&#8221; align_sm=&#8221;align-center-sm&#8221; align_xs=&#8221;align-center-xs&#8221;][vc_column_text]Urz\u0105dzenia marki Apple serwisujemy od momentu pojawienia si\u0119 ich na rynku. Posiadamy kilkunastoletnie do\u015bwiadczenie w naprawach produkt\u00f3w marki Apple. U nas szybko i skutecznie, naprawisz zbity ekran w twoim telefonie iPhone, zmienisz uszkodzony digitizer w twoim tablecie iPad czy te\u017c naprawisz\u00a0 zasilanie w laptopie Macbook.[\/vc_column_text][fr_device_type col_xs=&#8221;1&#8243; col_sm=&#8221;2&#8243; col_md=&#8221;3&#8243; col_lg=&#8221;3&#8243; items=&#8221;%5B%7B%22image%22%3A%221460%22%2C%22heading%22%3A%22Serwis%20telefon%C3%B3w%20iPhone%20Apple%22%2C%22text%22%3A%22Profesjonalny%20serwis%20telefon%C3%B3w%20iPhone%20Apple.%20Oferujemy%20pogwarancyjn%C4%85%20napraw%C4%99%20Twojego%20telefonu%20z%20zachowaniem%20danych.%22%2C%22btn_text%22%3A%22Choose%20Devices%22%2C%22btn_link%22%3A%22url%3Ahttp%253A%252F%252Fnaprawaiphone.pl%252Findex.php%252Fmodele-iphone%252F%7Ctitle%3ASerwis%2520telefon%25C3%25B3w%2520iPhone%22%7D%2C%7B%22image%22%3A%221461%22%2C%22heading%22%3A%22Serwis%20tablet%C3%B3w%20iPad%20Apple%22%2C%22text%22%3A%22Profesjonalny%20serwis%20Tablet%C3%B3w%20iPad%20Apple.%20%20Je%C5%9Bli%20masz%20uszkodzony%20iPad%20i%20szukasz%20dobrego%20serwisu%20zle%C4%87%20nam.%22%2C%22btn_text%22%3A%22Choose%20Devices%22%2C%22btn_link%22%3A%22url%3Ahttp%253A%252F%252Fnaprawaiphone.pl%252Findex.php%252Fmodele-ipad%252F%7Ctitle%3ASerwis%2520tablet%25C3%25B3w%2520iPad%22%7D%2C%7B%22image%22%3A%221459%22%2C%22heading%22%3A%22Serwis%20laptop%C3%B3w%20%20Apple%20Macbook%22%2C%22text%22%3A%22Pogwarancyjny%20serwis%20Macbook%20Air%2FPro.%20Tw%C3%B3j%20Macbook%20przesta%C5%82%20si%C4%99%20w%C5%82%C4%85cza%C4%87%2C%20nie%20%C5%82aduje%2C%20lub%20ma%20zbit%C4%85%20matryc%C4%99%20.%22%2C%22btn_text%22%3A%22Choose%20Devices%22%2C%22btn_link%22%3A%22url%3Ahttp%253A%252F%252Fnaprawaiphone.pl%252Findex.php%252Fmodel-macboook%252F%7Ctitle%3ASerwis%2520laptop%25C3%25B3w%2520Macbook%22%7D%5D&#8221;][\/vc_column_inner][\/vc_row_inner][fr_call_to_action title=&#8221;Zadzwo\u0144 i Um\u00f3w napraw\u0119&#8221; button_text=&#8221;536 755 611&#8243; button_link=&#8221;url:http%3A%2F%2F%3Ca%20href%3D%22tel%3A%2B48536755611%22%3E&#8221;][fr_accordion fr_accordion=&#8221;%5B%7B%22ac_title%22%3A%22Zadzwo%C5%84%20zapytaj%20o%20wycen%C4%99%20swojego%20urz%C4%85dzenia%20%3F%22%2C%22ac_content%22%3A%22Szanowny%20kliencie%20je%C5%9Bli%20chcia%C5%82by%C5%9B%20przed%20napraw%C4%85%20oszacowa%C4%87%20koszty%20naprawy%2C%20przygotuj%20dane%20%20%20sprz%C4%99tu%20takie%20jak%3A%20producent%2C%20model%2C%20rok%20produkcji.%20Je%C5%BCeli%20urz%C4%85dzenie%20w%C5%82%C4%85cza%20si%C4%99%20mo%C5%BCna%2C%20to%20sprawdzi%C4%87%20w%20zak%C5%82adce%20ustawiania%2Fog%C3%B3lne%2Finformacje%20o%20telefonie.%20Kiedy%20urz%C4%85dzenie%20nie%20uruchamia%20si%C4%99%2C%20odczytajmy%20jego%20paramtery%20z%20pude%C5%82ka.%22%7D%2C%7B%22ac_title%22%3A%22Kiedy%20dostan%C4%99%20o%20informacji%20o%20kosztach%20naprawy%3F%22%2C%22ac_content%22%3A%22Ju%C5%BC%20w%20momencie%20przej%C4%99cia%20sprz%C4%99tu%20do%20naprawy%2C%20jeste%C5%9Bmy%20w%20stanie%20oszacowa%C4%87%20przybli%C5%BCone%20koszty%20napraw.%20%22%7D%2C%7B%22ac_title%22%3A%22Jak%20szybko%20potrwa%20naprawa%20Twoje%20telefonu%20iPhone%3F%22%2C%22ac_content%22%3A%22Czas%20naprawy%20zawsze%20jest%20%20szacowany%20na%20podstawie%20uszkodze%C5%84.%20Je%C5%BCeli%20mamy%20do%20czynienia%20z%20usterkami%20ju%C5%BC%20zdiagnozowanymi%20typu%20zbity%20LCD%20%2C%20wymamia%20baterii%20%2C%20g%C5%82o%C5%9Bnika%2C%20portu%20USB%20naprawa%20jest%20wykonywana%20zazwyczaj%20w%20ci%C4%85gu%201-2%20godzin%20roboczych%20%22%7D%2C%7B%22ac_title%22%3A%22Czy%20dane%20z%20telefonu%20przy%20naprawie%20s%C4%85%20usuwane%3F%22%2C%22ac_content%22%3A%22Twoje%20dane%20s%C4%85%20bezpieczne.%20Dane%20nigdy%20nie%20s%C4%85%20usuwane.%20Oddaj%C4%85c%20%20do%20naprawy%20np.%20telefon%20zbitym%20LCD%20otrzymujesz%20z%20powrotem%20urz%C4%85dzenie%20z%20naprawionym%20wy%C5%9Bwietlaczem%20zawieraj%C4%85cym%20wszystkie%20dane%20zapisane%20przed%20stluczeniem%20%22%7D%2C%7B%22ac_title%22%3A%22Czy%20dostan%C4%99%20gwarancje%20na%20wymienione%20cz%C4%99%C5%9Bci%3F%22%2C%22ac_content%22%3A%22Tak%2C%20na%20ka%C5%BCd%C4%85%20wykonan%C4%85%20us%C5%82ug%C4%99%20klient%20otrzymuje%20gwarancj%C4%99%20.%20Niezale%C5%BCnie%20od%20rodzaju%20u%C5%BCytych%20cz%C4%99%C5%9Bci%20do%20naprawy%2C%20czy%20s%C4%85%20to%20cz%C4%99%C5%9Bci%20oryginalne%20czy%20te%C5%BC%20ta%C5%84sze%20cz%C4%99%C5%9Bci%20zamienne%20gwarancja%20obowi%C4%85zuje.%22%7D%5D&#8221; heading=&#8221;Przebieg naprawy serwisowej&#8221;][vc_row_inner][vc_column_inner][\/vc_column_inner][\/vc_row_inner][fr_service_gallery images=&#8221;911,910,909,908&#8243; img_size=&#8221;170&#215;170&#8243; col_xs=&#8221;12&#8243; col_sm=&#8221;6&#8243; col_md=&#8221;6&#8243; col_lg=&#8221;3&#8243; image=&#8221;448,450,447,451&#8243;][vc_custom_heading text=&#8221;Wszystkie produkty apple znajdziesz na stronie https:\/\/www.apple.com\/pl\/&#8221; font_container=&#8221;tag:h5|text_align:left&#8221; google_fonts=&#8221;font_family:Candal%3Aregular|font_style:400%20regular%3A400%3Anormal&#8221; link=&#8221;url:https%3A%2F%2Fwww.apple.com%2Fpl%2F|title:serwis%20apple&#8221;][\/vc_column][\/vc_row]<\/p>\n","protected":false},"excerpt":{"rendered":"<p>[vc_row][vc_column offset=&#8221;vc_col-lg-offset-2 vc_col-lg-8 vc_col-md-offset-2 vc_col-md-8&#8243;][fr_heading text=&#8221;Zarezerwuj serwis urz\u0105dzania apple&#8221; align_lg=&#8221;align-center&#8221; align_md=&#8221;align-center-md&#8221; align_sm=&#8221;align-center-sm&#8221; align_xs=&#8221;align-center-xs&#8221;][vc_empty_space][vc_column_text]Serwis Apple w Centrum Urz\u0105dze\u0144 Mobilnych mamy na najwy\u017cszym poziomie. Rozwi\u0105\u017cemy wszystkie problemy z telefonem iPhone, odtwarzaczem iPod, tabletem iPad, czy te\u017c komputerem Macbook. Szanujemy Tw\u00f3j czas i wiemy, \u017ce dzisiejsze urz\u0105dzenia mobilne to narz\u0119dzia, bez kt\u00f3rych nie mo\u017cna pracowa\u0107. Jeste\u015bmy w stanie [&hellip;]<\/p>\n","protected":false},"author":1,"featured_media":0,"parent":0,"menu_order":0,"comment_status":"closed","ping_status":"closed","template":"","meta":{"footnotes":""},"yoast_head":"<!-- This site is optimized with the Yoast SEO plugin v21.6 - https:\/\/yoast.com\/wordpress\/plugins\/seo\/ -->\n<title>Rezerwacja naprawy - Serwis i naprawa iPhone, iPad, iPod, Macbook<\/title>\n<meta name=\"description\" content=\"Serwis urz\u0105dze\u0144 apple realizowany w Warszawie. Wymiana zbitej szyby, baterii, g\u0142o\u015bnika na miejscu. Naprawa telefon\u00f3w iPhone, tablet\u00f3w iPad.\" \/>\n<meta name=\"robots\" content=\"index, follow, max-snippet:-1, max-image-preview:large, max-video-preview:-1\" \/>\n<link rel=\"canonical\" href=\"https:\/\/naprawaiphone.pl\/index.php\/rezerwacja-naprawy\/\" \/>\n<meta property=\"og:locale\" content=\"pl_PL\" \/>\n<meta property=\"og:type\" content=\"article\" \/>\n<meta property=\"og:title\" content=\"Rezerwacja naprawy - Serwis i naprawa iPhone, iPad, iPod, Macbook\" \/>\n<meta property=\"og:description\" content=\"Serwis urz\u0105dze\u0144 apple realizowany w Warszawie. Wymiana zbitej szyby, baterii, g\u0142o\u015bnika na miejscu. Naprawa telefon\u00f3w iPhone, tablet\u00f3w iPad.\" \/>\n<meta property=\"og:url\" content=\"https:\/\/naprawaiphone.pl\/index.php\/rezerwacja-naprawy\/\" \/>\n<meta property=\"og:site_name\" content=\"Serwis i naprawa iPhone, iPad, iPod, Macbook\" \/>\n<meta property=\"article:modified_time\" content=\"2021-02-01T08:10:30+00:00\" \/>\n<meta name=\"twitter:card\" content=\"summary_large_image\" \/>\n<meta name=\"twitter:label1\" content=\"Szacowany czas czytania\" \/>\n\t<meta name=\"twitter:data1\" content=\"1 minuta\" \/>\n<script type=\"application\/ld+json\" class=\"yoast-schema-graph\">{\"@context\":\"https:\/\/schema.org\",\"@graph\":[{\"@type\":\"WebPage\",\"@id\":\"https:\/\/naprawaiphone.pl\/index.php\/rezerwacja-naprawy\/\",\"url\":\"https:\/\/naprawaiphone.pl\/index.php\/rezerwacja-naprawy\/\",\"name\":\"Rezerwacja naprawy - Serwis i naprawa iPhone, iPad, iPod, Macbook\",\"isPartOf\":{\"@id\":\"https:\/\/naprawaiphone.pl\/#website\"},\"datePublished\":\"2021-01-20T19:03:33+00:00\",\"dateModified\":\"2021-02-01T08:10:30+00:00\",\"description\":\"Serwis urz\u0105dze\u0144 apple realizowany w Warszawie. Wymiana zbitej szyby, baterii, g\u0142o\u015bnika na miejscu. Naprawa telefon\u00f3w iPhone, tablet\u00f3w iPad.\",\"breadcrumb\":{\"@id\":\"https:\/\/naprawaiphone.pl\/index.php\/rezerwacja-naprawy\/#breadcrumb\"},\"inLanguage\":\"pl-PL\",\"potentialAction\":[{\"@type\":\"ReadAction\",\"target\":[\"https:\/\/naprawaiphone.pl\/index.php\/rezerwacja-naprawy\/\"]}]},{\"@type\":\"BreadcrumbList\",\"@id\":\"https:\/\/naprawaiphone.pl\/index.php\/rezerwacja-naprawy\/#breadcrumb\",\"itemListElement\":[{\"@type\":\"ListItem\",\"position\":1,\"name\":\"Strona g\u0142\u00f3wna\",\"item\":\"https:\/\/naprawaiphone.pl\/\"},{\"@type\":\"ListItem\",\"position\":2,\"name\":\"Rezerwacja naprawy\"}]},{\"@type\":\"WebSite\",\"@id\":\"https:\/\/naprawaiphone.pl\/#website\",\"url\":\"https:\/\/naprawaiphone.pl\/\",\"name\":\"Serwis i naprawa iPhone, iPad, iPod, Macbook\",\"description\":\"Profesjonalny serwis urz\u0105dze\u0144 Apple iPhone, iPad, iPod, Macbook. Odwied\u017a nas w Warszawie i skorzystaj z naprawy od r\u0119ki.\",\"publisher\":{\"@id\":\"https:\/\/naprawaiphone.pl\/#organization\"},\"potentialAction\":[{\"@type\":\"SearchAction\",\"target\":{\"@type\":\"EntryPoint\",\"urlTemplate\":\"https:\/\/naprawaiphone.pl\/?s={search_term_string}\"},\"query-input\":\"required name=search_term_string\"}],\"inLanguage\":\"pl-PL\"},{\"@type\":\"Organization\",\"@id\":\"https:\/\/naprawaiphone.pl\/#organization\",\"name\":\"Centrum Urz\u0105dze\u0144 Mobilnych\",\"url\":\"https:\/\/naprawaiphone.pl\/\",\"logo\":{\"@type\":\"ImageObject\",\"inLanguage\":\"pl-PL\",\"@id\":\"https:\/\/naprawaiphone.pl\/#\/schema\/logo\/image\/\",\"url\":\"https:\/\/naprawaiphone.pl\/wp-content\/uploads\/2020\/10\/Logo_Slawek_duze-removebg-preview.png\",\"contentUrl\":\"https:\/\/naprawaiphone.pl\/wp-content\/uploads\/2020\/10\/Logo_Slawek_duze-removebg-preview.png\",\"width\":495,\"height\":504,\"caption\":\"Centrum Urz\u0105dze\u0144 Mobilnych\"},\"image\":{\"@id\":\"https:\/\/naprawaiphone.pl\/#\/schema\/logo\/image\/\"}}]}<\/script>\n<!-- \/ Yoast SEO plugin. -->","yoast_head_json":{"title":"Rezerwacja naprawy - Serwis i naprawa iPhone, iPad, iPod, Macbook","description":"Serwis urz\u0105dze\u0144 apple realizowany w Warszawie. Wymiana zbitej szyby, baterii, g\u0142o\u015bnika na miejscu. Naprawa telefon\u00f3w iPhone, tablet\u00f3w iPad.","robots":{"index":"index","follow":"follow","max-snippet":"max-snippet:-1","max-image-preview":"max-image-preview:large","max-video-preview":"max-video-preview:-1"},"canonical":"https:\/\/naprawaiphone.pl\/index.php\/rezerwacja-naprawy\/","og_locale":"pl_PL","og_type":"article","og_title":"Rezerwacja naprawy - Serwis i naprawa iPhone, iPad, iPod, Macbook","og_description":"Serwis urz\u0105dze\u0144 apple realizowany w Warszawie. Wymiana zbitej szyby, baterii, g\u0142o\u015bnika na miejscu. Naprawa telefon\u00f3w iPhone, tablet\u00f3w iPad.","og_url":"https:\/\/naprawaiphone.pl\/index.php\/rezerwacja-naprawy\/","og_site_name":"Serwis i naprawa iPhone, iPad, iPod, Macbook","article_modified_time":"2021-02-01T08:10:30+00:00","twitter_card":"summary_large_image","twitter_misc":{"Szacowany czas czytania":"1 minuta"},"schema":{"@context":"https:\/\/schema.org","@graph":[{"@type":"WebPage","@id":"https:\/\/naprawaiphone.pl\/index.php\/rezerwacja-naprawy\/","url":"https:\/\/naprawaiphone.pl\/index.php\/rezerwacja-naprawy\/","name":"Rezerwacja naprawy - Serwis i naprawa iPhone, iPad, iPod, Macbook","isPartOf":{"@id":"https:\/\/naprawaiphone.pl\/#website"},"datePublished":"2021-01-20T19:03:33+00:00","dateModified":"2021-02-01T08:10:30+00:00","description":"Serwis urz\u0105dze\u0144 apple realizowany w Warszawie. Wymiana zbitej szyby, baterii, g\u0142o\u015bnika na miejscu. Naprawa telefon\u00f3w iPhone, tablet\u00f3w iPad.","breadcrumb":{"@id":"https:\/\/naprawaiphone.pl\/index.php\/rezerwacja-naprawy\/#breadcrumb"},"inLanguage":"pl-PL","potentialAction":[{"@type":"ReadAction","target":["https:\/\/naprawaiphone.pl\/index.php\/rezerwacja-naprawy\/"]}]},{"@type":"BreadcrumbList","@id":"https:\/\/naprawaiphone.pl\/index.php\/rezerwacja-naprawy\/#breadcrumb","itemListElement":[{"@type":"ListItem","position":1,"name":"Strona g\u0142\u00f3wna","item":"https:\/\/naprawaiphone.pl\/"},{"@type":"ListItem","position":2,"name":"Rezerwacja naprawy"}]},{"@type":"WebSite","@id":"https:\/\/naprawaiphone.pl\/#website","url":"https:\/\/naprawaiphone.pl\/","name":"Serwis i naprawa iPhone, iPad, iPod, Macbook","description":"Profesjonalny serwis urz\u0105dze\u0144 Apple iPhone, iPad, iPod, Macbook. Odwied\u017a nas w Warszawie i skorzystaj z naprawy od r\u0119ki.","publisher":{"@id":"https:\/\/naprawaiphone.pl\/#organization"},"potentialAction":[{"@type":"SearchAction","target":{"@type":"EntryPoint","urlTemplate":"https:\/\/naprawaiphone.pl\/?s={search_term_string}"},"query-input":"required name=search_term_string"}],"inLanguage":"pl-PL"},{"@type":"Organization","@id":"https:\/\/naprawaiphone.pl\/#organization","name":"Centrum Urz\u0105dze\u0144 Mobilnych","url":"https:\/\/naprawaiphone.pl\/","logo":{"@type":"ImageObject","inLanguage":"pl-PL","@id":"https:\/\/naprawaiphone.pl\/#\/schema\/logo\/image\/","url":"https:\/\/naprawaiphone.pl\/wp-content\/uploads\/2020\/10\/Logo_Slawek_duze-removebg-preview.png","contentUrl":"https:\/\/naprawaiphone.pl\/wp-content\/uploads\/2020\/10\/Logo_Slawek_duze-removebg-preview.png","width":495,"height":504,"caption":"Centrum Urz\u0105dze\u0144 Mobilnych"},"image":{"@id":"https:\/\/naprawaiphone.pl\/#\/schema\/logo\/image\/"}}]}},"_links":{"self":[{"href":"https:\/\/naprawaiphone.pl\/index.php\/wp-json\/wp\/v2\/pages\/2789"}],"collection":[{"href":"https:\/\/naprawaiphone.pl\/index.php\/wp-json\/wp\/v2\/pages"}],"about":[{"href":"https:\/\/naprawaiphone.pl\/index.php\/wp-json\/wp\/v2\/types\/page"}],"author":[{"embeddable":true,"href":"https:\/\/naprawaiphone.pl\/index.php\/wp-json\/wp\/v2\/users\/1"}],"replies":[{"embeddable":true,"href":"https:\/\/naprawaiphone.pl\/index.php\/wp-json\/wp\/v2\/comments?post=2789"}],"version-history":[{"count":28,"href":"https:\/\/naprawaiphone.pl\/index.php\/wp-json\/wp\/v2\/pages\/2789\/revisions"}],"predecessor-version":[{"id":3097,"href":"https:\/\/naprawaiphone.pl\/index.php\/wp-json\/wp\/v2\/pages\/2789\/revisions\/3097"}],"wp:attachment":[{"href":"https:\/\/naprawaiphone.pl\/index.php\/wp-json\/wp\/v2\/media?parent=2789"}],"curies":[{"name":"wp","href":"https:\/\/api.w.org\/{rel}","templated":true}]}}