{"id":2617,"date":"2021-01-11T22:20:33","date_gmt":"2021-01-11T21:20:33","guid":{"rendered":"http:\/\/serwer65852.lh.pl\/wordnaprawaiphone.pl\/?page_id=2617"},"modified":"2022-03-30T01:30:55","modified_gmt":"2022-03-29T23:30:55","slug":"serwis-ipad","status":"publish","type":"page","link":"https:\/\/naprawaiphone.pl\/index.php\/serwis-ipad\/","title":{"rendered":"Serwis iPad Apple Naprawa tablet\u00f3w"},"content":{"rendered":"<p>[vc_row][vc_column width=&#8221;1\/6&#8243; offset=&#8221;vc_col-lg-offset-2 vc_col-lg-10 vc_col-md-offset-2 vc_col-md-8&#8243;][fr_heading text=&#8221;Naprawa i Serwis iPad Apple&#8221; tag=&#8221;h1&#8243; align_lg=&#8221;align-center&#8221;][vc_empty_space][vc_column_text]Tablety iPad to nasze multimedialne okno na \u015bwiat. Cechy tego urz\u0105dzenia\u00a0 to ma\u0142a waga w po\u0142\u0105czeniu z du\u017cym ekranem i wytrzyma\u0142\u0105 bateri\u0105, To wszystko sprawia, i\u017c jest to niezwykle przydatne urz\u0105dzanie kt\u00f3re wykorzystujemy w domu i pracy. Je\u015bli masz problem z tabletem marki Apple, zapraszamy aby wykona\u0107\u00a0 serwis\u00a0 iPad w <a href=\"https:\/\/serwistelefonow.waw.pl\/\">Centrum Urz\u0105dze\u0144 Mobilnych<\/a><\/p>\n<p>Oferujemy kompleksowe us\u0142ugi naprawy tablet\u00f3w\u00a0 iPad z gwarancj\u0105 100% satysfakcji. Nasi przeszkoleni technicy zdiagnozuj\u0105 i naprawi\u0105 Twoje urz\u0105dzenie. Potrzebujesz\u00a0 naprawy na szybko odwied\u017a nas w jednym z naszych punkt\u00f3w na warszawskim <a href=\"https:\/\/naprawaiphone.pl\/index.php\/serwis-iphone-warszawa-bemowo\/\">Bemowie<\/a>, <a href=\"https:\/\/naprawaiphone.pl\/index.php\/serwis-iphone-warszawa-ursynow\/\">Ursynowie<\/a> lub <a href=\"https:\/\/naprawaiphone.pl\/index.php\/serwis-iphone-mokotow\/\">Mokotowie<\/a>. Sprawd\u017a jaki posiadasz <a href=\"https:\/\/naprawaiphone.pl\/index.php\/modele-ipad\/\">model iPad<\/a> i um\u00f3w napraw\u0119<a href=\"https:\/\/naprawaiphone.pl\/index.php\/zarezerwuj-naprawe-telefonu-iphone\/\"> ju\u017c teraz<\/a><\/p>\n<p>\u015awiadczymy kompleksowe us\u0142ugi serwisowe dla wszystkich generacji iPad. Do Najcz\u0119stszych napraw jakich wykonujemy w tych urz\u0105dzeniach nale\u017cy <a href=\"https:\/\/naprawaiphone.pl\/index.php\/services\/wymina-ekranu-iphone\/\">wymiana ekranu dotykowego<\/a> ,<a href=\"https:\/\/naprawaiphone.pl\/index.php\/services\/naprawa-przycisku-home\/\">przycisku home<\/a> oraz <a href=\"https:\/\/naprawaiphone.pl\/index.php\/services\/naprawa-gniazda-ladowania\/\">naprawa gniazda USB<\/a>. Nie mo\u017cesz u\u017cywa\u0107 iPada poniewa\u017c jest ekran jest zablokowany kodem, kt\u00f3rego nie pami\u0119tasz? A mo\u017ce tablet apple nie dzia\u0142a tak szybko\u00a0 jak na pocz\u0105tku, <a href=\"https:\/\/naprawaiphone.pl\/index.php\/services\/wymiana-baterii-iphone\/\">bateria<\/a> nie ma ju\u017c\u00a0 pierwotnej sprawno\u015bci? Zapytaj o profesjonalny przegl\u0105d lub serwis Ipad w jednym z naszych warszawskich zak\u0142ad\u00f3w.<\/p>\n<p>Je\u015bli iPad nie w\u0142\u0105cza si\u0119 i nie wiadomo co jest przyczyn\u0105 w Centrum Urz\u0105dze\u0144 Mobilnych sprawdzimy co jest przyczyn\u0105 takiego stanu rzeczy. W ci\u0105gu 24H sprawdzimy co si\u0119 dziej i przedstawimy szczeg\u00f3\u0142owy kosztorys naprawy. Po akceptacji koszt\u00f3w\u00a0 niezw\u0142ocznie przyst\u0105pimy do naprawy tabletu.<\/p>\n<p>W naszych serwisach u\u017cywamy tylko i wy\u0142\u0105cznie sprawdzonych cz\u0119\u015bci o wysokiej jako\u015bci. Jako nieliczni w bran\u017cy przedstawiamy ofert\u0119 cz\u0119\u015bci oryginalnych oraz ich ta\u0144szych odpowiednik\u00f3w. Wszystkie urz\u0105dzenia naprawione w Centrum Urz\u0105dze\u0144 Mobilnych otrzymuj\u0105 gwarancj\u0119 na wymienione podzespo\u0142y, niezale\u017cnie od rodzaju wybranych cz\u0119\u015bci.<\/p>\n<p>[\/vc_column_text][vc_row_inner css=&#8221;.vc_custom_1561346098039{padding-top: 30px !important;padding-bottom: 30px !important;}&#8221;][vc_column_inner][fr_heading text=&#8221;Oferta us\u0142ug serwisowych tablet\u00f3w iPad&#8221; tag=&#8221;h4&#8243; align_lg=&#8221;align-center&#8221; align_md=&#8221;align-center-md&#8221; align_sm=&#8221;align-center-sm&#8221; align_xs=&#8221;align-center-xs&#8221;][vc_empty_space][\/vc_column_inner][\/vc_row_inner][vc_row_inner][vc_column_inner][fr_fancybox_carousel col_xs=&#8221;1&#8243; col_sm=&#8221;2&#8243; col_md=&#8221;3&#8243; col_lg=&#8221;4&#8243; items=&#8221;%5B%7B%22image%22%3A%222415%22%2C%22heading%22%3A%22zbity%20ekran%20ipad%22%2C%22text%22%3A%22Du%C5%BCy%20ekran%20w%20iPad%20jest%20niew%C4%85tpliwie%20jego%20zalet%C4%85.%20Jednak%20z%20uwagi%20na%20%20wielko%C5%9B%C4%87%20ekranu%20i%20jego%20wykonanie%20ze%20szk%C5%82a%20hartowanego%2C%20zdarza%20si%C4%99%20%C5%BCe%20w%20wyniku%20upadku%20ekran%20p%C4%99ka%20i%20dotyk%20dzia%C5%82a%20nieprawid%C5%82owo.%22%7D%2C%7B%22image%22%3A%222416%22%2C%22heading%22%3A%22Wymiana%20baterii%20iPhone%22%2C%22text%22%3A%22%C5%BBywotno%C5%9B%C4%87%20baterii%20w%20tablecie%20maleje%20si%C4%99%20z%20wiekiem%20.%20Kiedy%20nasza%20iPad%20szybko%20si%C4%99%20roz%C5%82adowywane%20to%20znak%20%C5%BCe%20powinni%C5%9Bmy%20j%C4%85%20wymieni%C4%87.%22%7D%2C%7B%22image%22%3A%222416%22%2C%22heading%22%3A%22Wymiana%20gniazda%20USB%20Lighting%22%2C%22text%22%3A%22Z%20biegiem%20czasu%20w%20gnie%C5%BAdzie%20%C5%82adowania%20gromadzi%20si%C4%99%20brud%20i%20kurz%2C%20kt%C3%B3ry%20niszczy%20wn%C4%99trze%20konektora.%20W%20tabletach%20iPad%20gniazda%20montowane%20s%C4%85%20na%20ta%C5%9Bmach%20flex%20usb%2C%20kt%C3%B3re%20bez%20problemu%20mo%C5%BCemy%20wymieni%C4%87.%20%22%7D%2C%7B%22image%22%3A%222415%22%2C%22heading%22%3A%22Wymiana%20Kamery%20iPad%22%2C%22text%22%3A%22%20Kiedy%20nasz%20obiektyw%20jest%20uszkodzony%20zdj%C4%99cia%20s%C4%85%20nie%20ostre%20lub%20%20zniekszta%C5%82cone.%20W%20naszym%20serwisie%20wymienimy%20modu%C5%82%20aparatu%20w%20iPad%2C%20a%20zdj%C4%99cia%20%20b%C4%99d%C4%85%20wyra%C5%BAne%20jak%20dawniej.%22%7D%2C%7B%22image%22%3A%222441%22%2C%22heading%22%3A%22Naprawa%20zalanego%20iPad%22%2C%22text%22%3A%22Chwila%20nie%20uwagi%20i%20nasz%20iPad%20zalany%20kaw%C4%85%20lub%20wod%C4%85%20podczas%20spotkania%20biznesowego.%20W%20naszym%20serwisie%20rozbierzemy%20zalanego%20iPad%20cz%C4%99%C5%9Bci%20pierwsze.%20Osuszymy%20elektronik%C4%99%20i%20sprawdzimy%20jej%20stan.%20%22%7D%2C%7B%22image%22%3A%222415%22%2C%22heading%22%3A%22naprawa%20zasilania%20iPad%22%2C%22text%22%3A%22Tw%C3%B3j%20tablet%20apple%20nagle%20odm%C3%B3wi%C5%82%20pos%C5%82usze%C5%84stwa%2C%20wy%C5%82%C4%85czy%C5%82%20si%C4%99%20i%20nie%20chce%20si%C4%99%20w%C5%82%C4%85czy%C4%87.%20W%20naszym%20laboratorium%20serwisowym%20sprawdzimy%20co%20si%C4%99%20dzieje.%22%7D%2C%7B%22image%22%3A%222416%22%2C%22heading%22%3A%22brak%20sieci%22%2C%22text%22%3A%22Tw%C3%B3j%20iPad%20zgubi%C5%82%20sie%C4%87.%20W%20zale%C5%BCno%C5%9Bci%20od%20rodzaju%20generacji%20mamy%20gotowe%20rozwi%C4%85zanie%20na%20ten%20problem.%20Mo%C5%BCemy%20wymieni%C4%87%20anteny%2C%20czy%20tez%20przelutowa%C4%87%20modu%C5%82%20radiowy.%22%7D%5D&#8221;][\/vc_column_inner][\/vc_row_inner][vc_row_inner][vc_column_inner width=&#8221;1\/2&#8243; css=&#8221;.vc_custom_1541521972917{margin-bottom: 55px !important;}&#8221;][fr_heading text=&#8221;U\u017cywamy tylko sprawdzonych cz\u0119\u015bci&#8221; tag=&#8221;h5&#8243; font_size=&#8221;22px&#8221; font_size_md=&#8221;22px&#8221; font_size_sm=&#8221;22px&#8221; font_size_xs=&#8221;22px&#8221; font_weight=&#8221;400&#8243; letter_spacing=&#8221;-.016em&#8221; custom_local_fonts=&#8221;true&#8221; local_fonts=&#8221;AktivGrotesk-Bold&#8221; des_font_weight=&#8221;500&#8243; description_line_height=&#8221;1.8&#8243; description_color=&#8221;#032549&#8243; description=&#8221;Do napraw u\u017cywamy tylko i wy\u0142\u0105cznie sprawdzonych cz\u0119\u015bci, tak aby wymienione cz\u0119\u015bci b\u0119d\u0105 d\u0142ugo s\u0142u\u017cy\u0142y w teblecie. Na wszystkie nasze naprawy udzielamy gwarancji.&#8221; margin_bottom=&#8221;25px&#8221;][\/vc_column_inner][vc_column_inner width=&#8221;1\/2&#8243; css=&#8221;.vc_custom_1541522086706{margin-bottom: 55px !important;}&#8221;][fr_heading text=&#8221;100% gwarancji na wszystkie naprawy&#8221; font_size=&#8221;22px&#8221; font_size_md=&#8221;22px&#8221; font_size_sm=&#8221;22px&#8221; font_size_xs=&#8221;22px&#8221; font_weight=&#8221;400&#8243; letter_spacing=&#8221;-.016em&#8221; custom_local_fonts=&#8221;true&#8221; local_fonts=&#8221;AktivGrotesk-Bold&#8221; des_font_weight=&#8221;500&#8243; description_line_height=&#8221;1.8&#8243; description_color=&#8221;#032549&#8243; description=&#8221;Wszystkie nasze naprawy s\u0105 obj\u0119te gwarancj\u0105. Je\u015bli naprawiona usterka ponownie wyst\u0105pi, jeste\u015bmy zobowi\u0105zani wykona\u0107 ponown\u0105 bezp\u0142atn\u0105 napraw\u0119.&#8221; margin_bottom=&#8221;25px&#8221;][\/vc_column_inner][\/vc_row_inner][vc_row_inner][vc_column_inner][fr_heading text=&#8221;Najcz\u0119stsze usterki tablet\u00f3w iPad&#8221; tag=&#8221;h4&#8243; align_lg=&#8221;align-center&#8221; align_md=&#8221;align-center-md&#8221; align_sm=&#8221;align-center-sm&#8221; align_xs=&#8221;align-center-xs&#8221;][vc_empty_space][\/vc_column_inner][\/vc_row_inner][vc_row_inner][vc_column_inner width=&#8221;1\/2&#8243;][fr_heading text=&#8221;IPad nie w\u0142\u0105cza si\u0119&#8221; font_size=&#8221;20px&#8221; font_size_md=&#8221;20px&#8221; font_size_sm=&#8221;20px&#8221; font_size_xs=&#8221;20px&#8221; font_weight=&#8221;400&#8243; letter_spacing=&#8221;0px&#8221; text_color=&#8221;#032549&#8243; custom_local_fonts=&#8221;true&#8221; local_fonts=&#8221;AktivGrotesk-Bold&#8221; des_font_weight=&#8221;400&#8243; description_line_height=&#8221;26px&#8221; description_margin=&#8221;52px&#8221; description_color=&#8221;#032549&#8243; description=&#8221;Czasami zdarza si\u0119 \u017ce odk\u0142adamy nasze urz\u0105dzenie na p\u00f3\u0142k\u0119, a kiedy po d\u0142u\u017cszym czasie chcemy z niego skorzysta\u0107 urz\u0105dzenie nie w\u0142\u0105cza si\u0119. Sytuacja ta dotyczy wi\u0119kszo\u015bci starszych urz\u0105dze\u0144 w kt\u00f3rych baterie nie jest w najlepszej kondycji. Napi\u0119cie na akumulatorze spada poni\u017cej warto\u015bci napi\u0119cia ja\u0142owego i \u0142adowanie tej baterii z uk\u0142adu \u0142adowania iPad nie jest mo\u017cliwe. Wynika to z faktu \u017ce uk\u0142ad \u0142adowania jest zabezpieczony przed przeci\u0105\u017ceniem, kore mia\u0142oby miejsce gdyby\u015bmy chcieli natychmiast wyr\u00f3wna\u0107 napi\u0119cie do warto\u015bci nominalnej akumulatora.&#8221; margin_bottom=&#8221;28px&#8221;][fr_heading text=&#8221;IPad nie \u0142aduje si\u0119&#8221; font_size=&#8221;20px&#8221; font_size_md=&#8221;20px&#8221; font_size_sm=&#8221;20px&#8221; font_size_xs=&#8221;20px&#8221; font_weight=&#8221;400&#8243; letter_spacing=&#8221;0px&#8221; text_color=&#8221;#032549&#8243; custom_local_fonts=&#8221;true&#8221; local_fonts=&#8221;AktivGrotesk-Bold&#8221; des_font_weight=&#8221;400&#8243; description_line_height=&#8221;26px&#8221; description_margin=&#8221;52px&#8221; description_color=&#8221;#032549&#8243; description=&#8221;Port usb Lighting w iPad s\u0142u\u017cy do transmisji danych i \u0142adowania. O ile pierwsza czynno\u015b\u0107 mo\u017ce by\u0107 zast\u0105piona \u0142\u0105czno\u015bci\u0105 bezprzewodow\u0105, to nie mamy innego sposobu \u0142adowania jak tradycyjne po\u0142\u0105czenie przez konektor. Z biegiem czasu styki gniazda s\u0105 niszczone wskutek gromadzenia si\u0119 drobinek kurzu i py\u0142u. Dlatego kiedy pojawia si\u0119 problem \u0142adowania w naszym tablecie, oznacza to ze mo\u017ce by\u0107 konieczna regeneracja b\u0105d\u017a wymiana portu usb.&#8221; margin_bottom=&#8221;28px&#8221;][\/vc_column_inner][vc_column_inner width=&#8221;1\/2&#8243;][fr_heading text=&#8221;Zbity ekran iPad&#8221; font_size=&#8221;20px&#8221; font_size_md=&#8221;20px&#8221; font_size_sm=&#8221;20px&#8221; font_size_xs=&#8221;20px&#8221; font_weight=&#8221;400&#8243; letter_spacing=&#8221;0px&#8221; text_color=&#8221;#032549&#8243; custom_local_fonts=&#8221;true&#8221; local_fonts=&#8221;AktivGrotesk-Bold&#8221; des_font_weight=&#8221;400&#8243; description_line_height=&#8221;26px&#8221; description_margin=&#8221;52px&#8221; description_color=&#8221;#032549&#8243; description=&#8221;Tablet iPad jest ch\u0119tnie wybierany do pracy ze wzgl\u0119du na du\u017cy wy\u015bwietlacz. Jest to ogromna zaleta w u\u017cytkowaniu ale te\u017c s\u0142aby punkt wszystkich tablet\u00f3w. Najcz\u0119\u015bciej przy upadku urz\u0105dzenia p\u0119ka szyba. Uszkodzenie szyby na poz\u00f3r tylko defekt wizualny niestety poci\u0105ga za sob\u0105 konsekwencj\u0119 funkcjonalno\u015bci dotyku. W szybie tablet\u00f3w iPad zatopiona jest siatka sensor\u00f3w dotykowych. P\u0119kni\u0119cie powoduje przerwanie po\u0142\u0105cze\u0144 i blokad\u0119 funkcji dotyku na ca\u0142ej powierzchni ekranu.&#8221; margin_bottom=&#8221;28px&#8221;][fr_heading text=&#8221;Zablokowany ekran w iPad&#8221; font_size=&#8221;20px&#8221; font_size_md=&#8221;20px&#8221; font_size_sm=&#8221;20px&#8221; font_size_xs=&#8221;20px&#8221; font_weight=&#8221;400&#8243; letter_spacing=&#8221;0px&#8221; text_color=&#8221;#032549&#8243; custom_local_fonts=&#8221;true&#8221; local_fonts=&#8221;AktivGrotesk-Bold&#8221; des_font_weight=&#8221;400&#8243; description_line_height=&#8221;26px&#8221; description_margin=&#8221;52px&#8221; description_color=&#8221;#032549&#8243; description=&#8221;IPady zast\u0119puj\u0105 nam komputery przeno\u015bne. Gromadzimy w nich dane kt\u00f3re cz\u0119sto s\u0105 dla nas bardzo wa\u017cne, i nie chcieliby\u015bmy, \u017ceby kto\u015b bez zezwolenia wszed\u0142 w ich posiadanie. Aby ustrzec si\u0119 przed tak\u0105 sytuacj\u0105 zabezpieczamy funkcj\u0119 blokady ekranu kodem . Musimy jednak pami\u0119ta\u0107 \u017ce raz ustawiony kod b\u0119dzie obowi\u0105za\u0142, a\u017c do jego kolejnej zmiany i nie ma mo\u017cliwo\u015bci zresetowania kodu bez utraty danych.&#8221; margin_bottom=&#8221;28px&#8221;][\/vc_column_inner][\/vc_row_inner][fr_heading text=&#8221;Gallery&#8221; font_size=&#8221;22px&#8221; font_size_md=&#8221;22px&#8221; font_size_sm=&#8221;22px&#8221; font_size_xs=&#8221;22px&#8221; font_weight=&#8221;500&#8243; letter_spacing=&#8221;-.016em&#8221; custom_local_fonts=&#8221;true&#8221; local_fonts=&#8221;AktivGrotesk-Bold&#8221; margin_top=&#8221;65px&#8221; margin_bottom=&#8221;35px&#8221;][fr_service_gallery images=&#8221;2452,2417,2418,2442&#8243; img_size=&#8221;170&#215;170&#8243; col_xs=&#8221;12&#8243; col_sm=&#8221;6&#8243; col_md=&#8221;6&#8243; col_lg=&#8221;3&#8243; image=&#8221;448,450,447,451&#8243;][\/vc_column][vc_column][\/vc_column][vc_column][\/vc_column][\/vc_row]<\/p>\n","protected":false},"excerpt":{"rendered":"<p>[vc_row][vc_column width=&#8221;1\/6&#8243; offset=&#8221;vc_col-lg-offset-2 vc_col-lg-10 vc_col-md-offset-2 vc_col-md-8&#8243;][fr_heading text=&#8221;Naprawa i Serwis iPad Apple&#8221; tag=&#8221;h1&#8243; align_lg=&#8221;align-center&#8221;][vc_empty_space][vc_column_text]Tablety iPad to nasze multimedialne okno na \u015bwiat. Cechy tego urz\u0105dzenia\u00a0 to ma\u0142a waga w po\u0142\u0105czeniu z du\u017cym ekranem i wytrzyma\u0142\u0105 bateri\u0105, To wszystko sprawia, i\u017c jest to niezwykle przydatne urz\u0105dzanie kt\u00f3re wykorzystujemy w domu i pracy. Je\u015bli masz problem z tabletem marki [&hellip;]<\/p>\n","protected":false},"author":1,"featured_media":0,"parent":0,"menu_order":0,"comment_status":"closed","ping_status":"closed","template":"","meta":{"footnotes":""},"yoast_head":"<!-- This site is optimized with the Yoast SEO plugin v21.6 - https:\/\/yoast.com\/wordpress\/plugins\/seo\/ -->\n<title>Serwis iPad Apple Naprawa tablet\u00f3w<\/title>\n<meta name=\"description\" content=\"Masz uszkodzony tablet apple iPad? Profesjonalny serwis iPad, u nas wymienisz zbit\u0105 szyb\u0119 , naprawisz niedzia\u0142aj\u0105ce gniazdo \u0142adowania,\" \/>\n<meta name=\"robots\" content=\"index, follow, max-snippet:-1, max-image-preview:large, max-video-preview:-1\" \/>\n<link rel=\"canonical\" href=\"https:\/\/naprawaiphone.pl\/index.php\/serwis-ipad\/\" \/>\n<meta property=\"og:locale\" content=\"pl_PL\" \/>\n<meta property=\"og:type\" content=\"article\" \/>\n<meta property=\"og:title\" content=\"Serwis iPad Apple Naprawa tablet\u00f3w\" \/>\n<meta property=\"og:description\" content=\"Masz uszkodzony tablet apple iPad? Profesjonalny serwis iPad, u nas wymienisz zbit\u0105 szyb\u0119 , naprawisz niedzia\u0142aj\u0105ce gniazdo \u0142adowania,\" \/>\n<meta property=\"og:url\" content=\"https:\/\/naprawaiphone.pl\/index.php\/serwis-ipad\/\" \/>\n<meta property=\"og:site_name\" content=\"Serwis i naprawa iPhone, iPad, iPod, Macbook\" \/>\n<meta property=\"article:modified_time\" content=\"2022-03-29T23:30:55+00:00\" \/>\n<meta name=\"twitter:card\" content=\"summary_large_image\" \/>\n<meta name=\"twitter:label1\" content=\"Szacowany czas czytania\" \/>\n\t<meta name=\"twitter:data1\" content=\"4 minuty\" \/>\n<script type=\"application\/ld+json\" class=\"yoast-schema-graph\">{\"@context\":\"https:\/\/schema.org\",\"@graph\":[{\"@type\":\"WebPage\",\"@id\":\"https:\/\/naprawaiphone.pl\/index.php\/serwis-ipad\/\",\"url\":\"https:\/\/naprawaiphone.pl\/index.php\/serwis-ipad\/\",\"name\":\"Serwis iPad Apple Naprawa tablet\u00f3w\",\"isPartOf\":{\"@id\":\"https:\/\/naprawaiphone.pl\/#website\"},\"datePublished\":\"2021-01-11T21:20:33+00:00\",\"dateModified\":\"2022-03-29T23:30:55+00:00\",\"description\":\"Masz uszkodzony tablet apple iPad? Profesjonalny serwis iPad, u nas wymienisz zbit\u0105 szyb\u0119 , naprawisz niedzia\u0142aj\u0105ce gniazdo \u0142adowania,\",\"breadcrumb\":{\"@id\":\"https:\/\/naprawaiphone.pl\/index.php\/serwis-ipad\/#breadcrumb\"},\"inLanguage\":\"pl-PL\",\"potentialAction\":[{\"@type\":\"ReadAction\",\"target\":[\"https:\/\/naprawaiphone.pl\/index.php\/serwis-ipad\/\"]}]},{\"@type\":\"BreadcrumbList\",\"@id\":\"https:\/\/naprawaiphone.pl\/index.php\/serwis-ipad\/#breadcrumb\",\"itemListElement\":[{\"@type\":\"ListItem\",\"position\":1,\"name\":\"Strona g\u0142\u00f3wna\",\"item\":\"https:\/\/naprawaiphone.pl\/\"},{\"@type\":\"ListItem\",\"position\":2,\"name\":\"Serwis iPad Apple Naprawa tablet\u00f3w\"}]},{\"@type\":\"WebSite\",\"@id\":\"https:\/\/naprawaiphone.pl\/#website\",\"url\":\"https:\/\/naprawaiphone.pl\/\",\"name\":\"Serwis i naprawa iPhone, iPad, iPod, Macbook\",\"description\":\"Profesjonalny serwis urz\u0105dze\u0144 Apple iPhone, iPad, iPod, Macbook. Odwied\u017a nas w Warszawie i skorzystaj z naprawy od r\u0119ki.\",\"publisher\":{\"@id\":\"https:\/\/naprawaiphone.pl\/#organization\"},\"potentialAction\":[{\"@type\":\"SearchAction\",\"target\":{\"@type\":\"EntryPoint\",\"urlTemplate\":\"https:\/\/naprawaiphone.pl\/?s={search_term_string}\"},\"query-input\":\"required name=search_term_string\"}],\"inLanguage\":\"pl-PL\"},{\"@type\":\"Organization\",\"@id\":\"https:\/\/naprawaiphone.pl\/#organization\",\"name\":\"Centrum Urz\u0105dze\u0144 Mobilnych\",\"url\":\"https:\/\/naprawaiphone.pl\/\",\"logo\":{\"@type\":\"ImageObject\",\"inLanguage\":\"pl-PL\",\"@id\":\"https:\/\/naprawaiphone.pl\/#\/schema\/logo\/image\/\",\"url\":\"https:\/\/naprawaiphone.pl\/wp-content\/uploads\/2020\/10\/Logo_Slawek_duze-removebg-preview.png\",\"contentUrl\":\"https:\/\/naprawaiphone.pl\/wp-content\/uploads\/2020\/10\/Logo_Slawek_duze-removebg-preview.png\",\"width\":495,\"height\":504,\"caption\":\"Centrum Urz\u0105dze\u0144 Mobilnych\"},\"image\":{\"@id\":\"https:\/\/naprawaiphone.pl\/#\/schema\/logo\/image\/\"}}]}<\/script>\n<!-- \/ Yoast SEO plugin. -->","yoast_head_json":{"title":"Serwis iPad Apple Naprawa tablet\u00f3w","description":"Masz uszkodzony tablet apple iPad? Profesjonalny serwis iPad, u nas wymienisz zbit\u0105 szyb\u0119 , naprawisz niedzia\u0142aj\u0105ce gniazdo \u0142adowania,","robots":{"index":"index","follow":"follow","max-snippet":"max-snippet:-1","max-image-preview":"max-image-preview:large","max-video-preview":"max-video-preview:-1"},"canonical":"https:\/\/naprawaiphone.pl\/index.php\/serwis-ipad\/","og_locale":"pl_PL","og_type":"article","og_title":"Serwis iPad Apple Naprawa tablet\u00f3w","og_description":"Masz uszkodzony tablet apple iPad? Profesjonalny serwis iPad, u nas wymienisz zbit\u0105 szyb\u0119 , naprawisz niedzia\u0142aj\u0105ce gniazdo \u0142adowania,","og_url":"https:\/\/naprawaiphone.pl\/index.php\/serwis-ipad\/","og_site_name":"Serwis i naprawa iPhone, iPad, iPod, Macbook","article_modified_time":"2022-03-29T23:30:55+00:00","twitter_card":"summary_large_image","twitter_misc":{"Szacowany czas czytania":"4 minuty"},"schema":{"@context":"https:\/\/schema.org","@graph":[{"@type":"WebPage","@id":"https:\/\/naprawaiphone.pl\/index.php\/serwis-ipad\/","url":"https:\/\/naprawaiphone.pl\/index.php\/serwis-ipad\/","name":"Serwis iPad Apple Naprawa tablet\u00f3w","isPartOf":{"@id":"https:\/\/naprawaiphone.pl\/#website"},"datePublished":"2021-01-11T21:20:33+00:00","dateModified":"2022-03-29T23:30:55+00:00","description":"Masz uszkodzony tablet apple iPad? Profesjonalny serwis iPad, u nas wymienisz zbit\u0105 szyb\u0119 , naprawisz niedzia\u0142aj\u0105ce gniazdo \u0142adowania,","breadcrumb":{"@id":"https:\/\/naprawaiphone.pl\/index.php\/serwis-ipad\/#breadcrumb"},"inLanguage":"pl-PL","potentialAction":[{"@type":"ReadAction","target":["https:\/\/naprawaiphone.pl\/index.php\/serwis-ipad\/"]}]},{"@type":"BreadcrumbList","@id":"https:\/\/naprawaiphone.pl\/index.php\/serwis-ipad\/#breadcrumb","itemListElement":[{"@type":"ListItem","position":1,"name":"Strona g\u0142\u00f3wna","item":"https:\/\/naprawaiphone.pl\/"},{"@type":"ListItem","position":2,"name":"Serwis iPad Apple Naprawa tablet\u00f3w"}]},{"@type":"WebSite","@id":"https:\/\/naprawaiphone.pl\/#website","url":"https:\/\/naprawaiphone.pl\/","name":"Serwis i naprawa iPhone, iPad, iPod, Macbook","description":"Profesjonalny serwis urz\u0105dze\u0144 Apple iPhone, iPad, iPod, Macbook. Odwied\u017a nas w Warszawie i skorzystaj z naprawy od r\u0119ki.","publisher":{"@id":"https:\/\/naprawaiphone.pl\/#organization"},"potentialAction":[{"@type":"SearchAction","target":{"@type":"EntryPoint","urlTemplate":"https:\/\/naprawaiphone.pl\/?s={search_term_string}"},"query-input":"required name=search_term_string"}],"inLanguage":"pl-PL"},{"@type":"Organization","@id":"https:\/\/naprawaiphone.pl\/#organization","name":"Centrum Urz\u0105dze\u0144 Mobilnych","url":"https:\/\/naprawaiphone.pl\/","logo":{"@type":"ImageObject","inLanguage":"pl-PL","@id":"https:\/\/naprawaiphone.pl\/#\/schema\/logo\/image\/","url":"https:\/\/naprawaiphone.pl\/wp-content\/uploads\/2020\/10\/Logo_Slawek_duze-removebg-preview.png","contentUrl":"https:\/\/naprawaiphone.pl\/wp-content\/uploads\/2020\/10\/Logo_Slawek_duze-removebg-preview.png","width":495,"height":504,"caption":"Centrum Urz\u0105dze\u0144 Mobilnych"},"image":{"@id":"https:\/\/naprawaiphone.pl\/#\/schema\/logo\/image\/"}}]}},"_links":{"self":[{"href":"https:\/\/naprawaiphone.pl\/index.php\/wp-json\/wp\/v2\/pages\/2617"}],"collection":[{"href":"https:\/\/naprawaiphone.pl\/index.php\/wp-json\/wp\/v2\/pages"}],"about":[{"href":"https:\/\/naprawaiphone.pl\/index.php\/wp-json\/wp\/v2\/types\/page"}],"author":[{"embeddable":true,"href":"https:\/\/naprawaiphone.pl\/index.php\/wp-json\/wp\/v2\/users\/1"}],"replies":[{"embeddable":true,"href":"https:\/\/naprawaiphone.pl\/index.php\/wp-json\/wp\/v2\/comments?post=2617"}],"version-history":[{"count":25,"href":"https:\/\/naprawaiphone.pl\/index.php\/wp-json\/wp\/v2\/pages\/2617\/revisions"}],"predecessor-version":[{"id":3142,"href":"https:\/\/naprawaiphone.pl\/index.php\/wp-json\/wp\/v2\/pages\/2617\/revisions\/3142"}],"wp:attachment":[{"href":"https:\/\/naprawaiphone.pl\/index.php\/wp-json\/wp\/v2\/media?parent=2617"}],"curies":[{"name":"wp","href":"https:\/\/api.w.org\/{rel}","templated":true}]}}