{"id":1466,"date":"2019-06-18T10:06:31","date_gmt":"2019-06-18T10:06:31","guid":{"rendered":"http:\/\/dev.joomexp.com\/wordpress\/tekhrepair\/?page_id=1466"},"modified":"2021-02-01T01:47:04","modified_gmt":"2021-02-01T00:47:04","slug":"naprawa-macbook-apple","status":"publish","type":"page","link":"https:\/\/naprawaiphone.pl\/index.php\/naprawa-macbook-apple\/","title":{"rendered":"Naprawa Laptop\u00f3w Macbook Apple"},"content":{"rendered":"<p>[vc_row][vc_column width=&#8221;1\/6&#8243; offset=&#8221;vc_col-lg-offset-2 vc_col-lg-10 vc_col-md-offset-2 vc_col-md-8&#8243;][fr_heading text=&#8221;Naprawa Macbook Apple&#8221; align_lg=&#8221;align-center&#8221;][vc_empty_space][vc_column_text]Je\u015bli masz problem ze swoim laptopem\u00a0 lub notebookiem zapraszamy do naszego serwisu. Oferujemy najlepsze us\u0142ugi naprawy laptop\u00f3w z gwarancj\u0105 100% satysfakcji. Nasi certyfikowani technicy komputerowi zdiagnozuj\u0105 i naprawi\u0105 wszelkie problemy i usterki jakie zdarz\u0105 si\u0119 w Twoim laptopie. Szybko i skutecznie ustalimy przyczyn\u0119 awarii i przedstawimy wycen\u0119 naprawy.<\/p>\n<p><span lang=\"pl\">Mamy do\u015bwiadczenie i odpowiednie narz\u0119dzia do rozwi\u0105zywania i diagnozowania wszelkich problem\u00f3w z laptopem. Naprawiamy problemy z oprogramowaniem i sprz\u0119tem. <\/span>[\/vc_column_text][vc_empty_space][vc_row_inner css=&#8221;.vc_custom_1561346098039{padding-top: 30px !important;padding-bottom: 30px !important;}&#8221;][vc_column_inner width=&#8221;1\/3&#8243;][\/vc_column_inner][vc_column_inner width=&#8221;1\/3&#8243;][vc_images_carousel images=&#8221;2738,1493,1494,1459&#8243;][\/vc_column_inner][vc_column_inner width=&#8221;1\/3&#8243;][\/vc_column_inner][\/vc_row_inner][vc_row_inner css=&#8221;.vc_custom_1561346098039{padding-top: 30px !important;padding-bottom: 30px !important;}&#8221;][vc_column_inner][fr_heading text=&#8221;Popularne usterki Macbook Apple&#8221; tag=&#8221;h4&#8243; align_lg=&#8221;align-center&#8221;][vc_empty_space][\/vc_column_inner][\/vc_row_inner][vc_row_inner css=&#8221;.vc_custom_1561346098039{padding-top: 30px !important;padding-bottom: 30px !important;}&#8221;][vc_column_inner width=&#8221;1\/2&#8243;][fr_accordion fr_accordion=&#8221;%5B%7B%22ac_title%22%3A%22Naprawa%20zasilania%20%22%2C%22ac_content%22%3A%22Naprawa%20uszkodzonych%20zasilaczy%2C%20%20kondensator%C3%B3w%2C%20przetwornic%20na%20p%C5%82ycie%20g%C5%82%C3%B3wnej.%22%7D%2C%7B%22ac_title%22%3A%22Wymiana%20matrycy%22%2C%22ac_content%22%3A%22Wymiana%20uszkodzonego%20ekranu%2C%20na%20skutek%20uszkodze%C5%84%20mechanicznych%22%7D%2C%7B%22ac_title%22%3A%22Wymiana%20gniazda%20zasilania%22%2C%22ac_content%22%3A%22Naprawa%20i%20wymiana%20%20gniazd%20%C5%82aduj%C4%85cych%22%7D%2C%7B%22ac_title%22%3A%22Wymiana%20pami%C4%99ci%22%2C%22ac_content%22%3A%22wymiana%20dysk%C3%B3w%20RAM%2F%20ROM.%20Zmiana%20dysk%C3%B3w%20%20HDD%20na%20SSD.%20Rozszerzenie%20pami%C4%99ci%20RAM%22%7D%2C%7B%22ac_title%22%3A%22Wymiana%20obudowy%22%2C%22ac_content%22%3A%22Wymiana%20uszkodzonej%20obudowy%20matrycy%20%2C%20korpus%C3%B3w%20p%C5%82yt%20g%C5%82%C3%B3wnych%22%7D%2C%7B%22ac_title%22%3A%22Wymiana%20zawias%C3%B3w%22%2C%22ac_content%22%3A%22Wymiana%20zawis%C3%B3w%20klapy%20matrycy%22%7D%5D&#8221; heading=&#8221;Uszkodzenia hardware&#8221;][\/vc_column_inner][vc_column_inner width=&#8221;1\/2&#8243;][fr_accordion fr_accordion=&#8221;%5B%7B%22ac_title%22%3A%22usuwanie%20wirus%C3%B3w%22%2C%22ac_content%22%3A%22Oczyszczenie%20systemu%20z%20wszelkiego%20rodzaju%20z%C5%82o%C5%9Bliwego%20oprogramowania%20typu%20wirus%3A%20Trojan%2C%20malwer%2C%20adver%2C%20robak%C3%B3w%20czy%20program%C3%B3w%20szpieguj%C4%85cych.%22%7D%2C%7B%22ac_title%22%3A%22Tworzenie%20kopii%20zapasowych%22%2C%22ac_content%22%3A%22Tworzenie%20bezpiecznych%20kopii%20danych%2C%20przenoszenie%20zawarto%C5%9Bci%20na%20inne%20no%C5%9Bniki%20pami%C4%99ci%22%7D%2C%7B%22ac_title%22%3A%22Odzyskiwanie%20danych%22%2C%22ac_content%22%3A%22Specjalizujmy%20si%C4%99%20w%20odzyskiwaniu%20skasowanych%20utraconych%20danych%20%22%7D%2C%7B%22ac_title%22%3A%22Reinstalacja%20systemu%22%2C%22ac_content%22%3A%22Kiedy%20potrzebujesz%20przeinstalowa%C4%87%20system%20%22%7D%2C%7B%22ac_title%22%3A%22Konfiguracja%20poczty%20e-mail%22%7D%2C%7B%22ac_title%22%3A%22Konfiguracja%20sieci%20W-FI%22%7D%2C%7B%22ac_title%22%3A%22Konfiguracja%20transmisji%20danych%22%7D%2C%7B%22ac_title%22%3A%22Wgrywanie%20sterownik%C3%B3w%22%7D%2C%7B%22ac_title%22%3A%22Instalacja%20aplikacji%20i%20program%C3%B3w%22%7D%5D&#8221; heading=&#8221;uszkodzenia software&#8221;][\/vc_column_inner][\/vc_row_inner][fr_heading text=&#8221;Gallery&#8221; font_size=&#8221;22px&#8221; font_size_md=&#8221;22px&#8221; font_size_sm=&#8221;22px&#8221; font_size_xs=&#8221;22px&#8221; font_weight=&#8221;500&#8243; letter_spacing=&#8221;-.016em&#8221; custom_local_fonts=&#8221;true&#8221; local_fonts=&#8221;AktivGrotesk-Bold&#8221; margin_top=&#8221;65px&#8221; margin_bottom=&#8221;35px&#8221;][fr_service_gallery images=&#8221;911,910,909,908&#8243; img_size=&#8221;170&#215;170&#8243; col_xs=&#8221;12&#8243; col_sm=&#8221;6&#8243; col_md=&#8221;6&#8243; col_lg=&#8221;3&#8243; image=&#8221;448,450,447,451&#8243;][\/vc_column][vc_column][\/vc_column][vc_column][\/vc_column][\/vc_row]<\/p>\n","protected":false},"excerpt":{"rendered":"<p>[vc_row][vc_column width=&#8221;1\/6&#8243; offset=&#8221;vc_col-lg-offset-2 vc_col-lg-10 vc_col-md-offset-2 vc_col-md-8&#8243;][fr_heading text=&#8221;Naprawa Macbook Apple&#8221; align_lg=&#8221;align-center&#8221;][vc_empty_space][vc_column_text]Je\u015bli masz problem ze swoim laptopem\u00a0 lub notebookiem zapraszamy do naszego serwisu. Oferujemy najlepsze us\u0142ugi naprawy laptop\u00f3w z gwarancj\u0105 100% satysfakcji. Nasi certyfikowani technicy komputerowi zdiagnozuj\u0105 i naprawi\u0105 wszelkie problemy i usterki jakie zdarz\u0105 si\u0119 w Twoim laptopie. Szybko i skutecznie ustalimy przyczyn\u0119 awarii i przedstawimy [&hellip;]<\/p>\n","protected":false},"author":1,"featured_media":0,"parent":0,"menu_order":0,"comment_status":"closed","ping_status":"closed","template":"","meta":{"footnotes":""},"yoast_head":"<!-- This site is optimized with the Yoast SEO plugin v21.6 - https:\/\/yoast.com\/wordpress\/plugins\/seo\/ -->\n<title>Naprawa Laptop\u00f3w Macbook Apple - Serwis i naprawa iPhone, iPad, iPod, Macbook<\/title>\n<meta name=\"description\" content=\"Naprawa Macbook Apple. masz problem Macbookiem. Nie w\u0142\u0105cza si\u0119, nie \u0142aduje si\u0119, ma zbit\u0105 matryce lub nie wy\u015bwietla obrazu. Wycenimy naprawimy\" \/>\n<meta name=\"robots\" content=\"index, follow, max-snippet:-1, max-image-preview:large, max-video-preview:-1\" \/>\n<link rel=\"canonical\" href=\"https:\/\/naprawaiphone.pl\/index.php\/naprawa-macbook-apple\/\" \/>\n<meta property=\"og:locale\" content=\"pl_PL\" \/>\n<meta property=\"og:type\" content=\"article\" \/>\n<meta property=\"og:title\" content=\"Naprawa Laptop\u00f3w Macbook Apple - Serwis i naprawa iPhone, iPad, iPod, Macbook\" \/>\n<meta property=\"og:description\" content=\"Naprawa Macbook Apple. masz problem Macbookiem. Nie w\u0142\u0105cza si\u0119, nie \u0142aduje si\u0119, ma zbit\u0105 matryce lub nie wy\u015bwietla obrazu. Wycenimy naprawimy\" \/>\n<meta property=\"og:url\" content=\"https:\/\/naprawaiphone.pl\/index.php\/naprawa-macbook-apple\/\" \/>\n<meta property=\"og:site_name\" content=\"Serwis i naprawa iPhone, iPad, iPod, Macbook\" \/>\n<meta property=\"article:modified_time\" content=\"2021-02-01T00:47:04+00:00\" \/>\n<meta name=\"twitter:card\" content=\"summary_large_image\" \/>\n<meta name=\"twitter:label1\" content=\"Szacowany czas czytania\" \/>\n\t<meta name=\"twitter:data1\" content=\"3 minuty\" \/>\n<script type=\"application\/ld+json\" class=\"yoast-schema-graph\">{\"@context\":\"https:\/\/schema.org\",\"@graph\":[{\"@type\":\"WebPage\",\"@id\":\"https:\/\/naprawaiphone.pl\/index.php\/naprawa-macbook-apple\/\",\"url\":\"https:\/\/naprawaiphone.pl\/index.php\/naprawa-macbook-apple\/\",\"name\":\"Naprawa Laptop\u00f3w Macbook Apple - Serwis i naprawa iPhone, iPad, iPod, Macbook\",\"isPartOf\":{\"@id\":\"https:\/\/naprawaiphone.pl\/#website\"},\"datePublished\":\"2019-06-18T10:06:31+00:00\",\"dateModified\":\"2021-02-01T00:47:04+00:00\",\"description\":\"Naprawa Macbook Apple. masz problem Macbookiem. Nie w\u0142\u0105cza si\u0119, nie \u0142aduje si\u0119, ma zbit\u0105 matryce lub nie wy\u015bwietla obrazu. Wycenimy naprawimy\",\"breadcrumb\":{\"@id\":\"https:\/\/naprawaiphone.pl\/index.php\/naprawa-macbook-apple\/#breadcrumb\"},\"inLanguage\":\"pl-PL\",\"potentialAction\":[{\"@type\":\"ReadAction\",\"target\":[\"https:\/\/naprawaiphone.pl\/index.php\/naprawa-macbook-apple\/\"]}]},{\"@type\":\"BreadcrumbList\",\"@id\":\"https:\/\/naprawaiphone.pl\/index.php\/naprawa-macbook-apple\/#breadcrumb\",\"itemListElement\":[{\"@type\":\"ListItem\",\"position\":1,\"name\":\"Strona g\u0142\u00f3wna\",\"item\":\"https:\/\/naprawaiphone.pl\/\"},{\"@type\":\"ListItem\",\"position\":2,\"name\":\"Naprawa Laptop\u00f3w Macbook Apple\"}]},{\"@type\":\"WebSite\",\"@id\":\"https:\/\/naprawaiphone.pl\/#website\",\"url\":\"https:\/\/naprawaiphone.pl\/\",\"name\":\"Serwis i naprawa iPhone, iPad, iPod, Macbook\",\"description\":\"Profesjonalny serwis urz\u0105dze\u0144 Apple iPhone, iPad, iPod, Macbook. Odwied\u017a nas w Warszawie i skorzystaj z naprawy od r\u0119ki.\",\"publisher\":{\"@id\":\"https:\/\/naprawaiphone.pl\/#organization\"},\"potentialAction\":[{\"@type\":\"SearchAction\",\"target\":{\"@type\":\"EntryPoint\",\"urlTemplate\":\"https:\/\/naprawaiphone.pl\/?s={search_term_string}\"},\"query-input\":\"required name=search_term_string\"}],\"inLanguage\":\"pl-PL\"},{\"@type\":\"Organization\",\"@id\":\"https:\/\/naprawaiphone.pl\/#organization\",\"name\":\"Centrum Urz\u0105dze\u0144 Mobilnych\",\"url\":\"https:\/\/naprawaiphone.pl\/\",\"logo\":{\"@type\":\"ImageObject\",\"inLanguage\":\"pl-PL\",\"@id\":\"https:\/\/naprawaiphone.pl\/#\/schema\/logo\/image\/\",\"url\":\"https:\/\/naprawaiphone.pl\/wp-content\/uploads\/2020\/10\/Logo_Slawek_duze-removebg-preview.png\",\"contentUrl\":\"https:\/\/naprawaiphone.pl\/wp-content\/uploads\/2020\/10\/Logo_Slawek_duze-removebg-preview.png\",\"width\":495,\"height\":504,\"caption\":\"Centrum Urz\u0105dze\u0144 Mobilnych\"},\"image\":{\"@id\":\"https:\/\/naprawaiphone.pl\/#\/schema\/logo\/image\/\"}}]}<\/script>\n<!-- \/ Yoast SEO plugin. -->","yoast_head_json":{"title":"Naprawa Laptop\u00f3w Macbook Apple - Serwis i naprawa iPhone, iPad, iPod, Macbook","description":"Naprawa Macbook Apple. masz problem Macbookiem. Nie w\u0142\u0105cza si\u0119, nie \u0142aduje si\u0119, ma zbit\u0105 matryce lub nie wy\u015bwietla obrazu. Wycenimy naprawimy","robots":{"index":"index","follow":"follow","max-snippet":"max-snippet:-1","max-image-preview":"max-image-preview:large","max-video-preview":"max-video-preview:-1"},"canonical":"https:\/\/naprawaiphone.pl\/index.php\/naprawa-macbook-apple\/","og_locale":"pl_PL","og_type":"article","og_title":"Naprawa Laptop\u00f3w Macbook Apple - Serwis i naprawa iPhone, iPad, iPod, Macbook","og_description":"Naprawa Macbook Apple. masz problem Macbookiem. Nie w\u0142\u0105cza si\u0119, nie \u0142aduje si\u0119, ma zbit\u0105 matryce lub nie wy\u015bwietla obrazu. Wycenimy naprawimy","og_url":"https:\/\/naprawaiphone.pl\/index.php\/naprawa-macbook-apple\/","og_site_name":"Serwis i naprawa iPhone, iPad, iPod, Macbook","article_modified_time":"2021-02-01T00:47:04+00:00","twitter_card":"summary_large_image","twitter_misc":{"Szacowany czas czytania":"3 minuty"},"schema":{"@context":"https:\/\/schema.org","@graph":[{"@type":"WebPage","@id":"https:\/\/naprawaiphone.pl\/index.php\/naprawa-macbook-apple\/","url":"https:\/\/naprawaiphone.pl\/index.php\/naprawa-macbook-apple\/","name":"Naprawa Laptop\u00f3w Macbook Apple - Serwis i naprawa iPhone, iPad, iPod, Macbook","isPartOf":{"@id":"https:\/\/naprawaiphone.pl\/#website"},"datePublished":"2019-06-18T10:06:31+00:00","dateModified":"2021-02-01T00:47:04+00:00","description":"Naprawa Macbook Apple. masz problem Macbookiem. Nie w\u0142\u0105cza si\u0119, nie \u0142aduje si\u0119, ma zbit\u0105 matryce lub nie wy\u015bwietla obrazu. Wycenimy naprawimy","breadcrumb":{"@id":"https:\/\/naprawaiphone.pl\/index.php\/naprawa-macbook-apple\/#breadcrumb"},"inLanguage":"pl-PL","potentialAction":[{"@type":"ReadAction","target":["https:\/\/naprawaiphone.pl\/index.php\/naprawa-macbook-apple\/"]}]},{"@type":"BreadcrumbList","@id":"https:\/\/naprawaiphone.pl\/index.php\/naprawa-macbook-apple\/#breadcrumb","itemListElement":[{"@type":"ListItem","position":1,"name":"Strona g\u0142\u00f3wna","item":"https:\/\/naprawaiphone.pl\/"},{"@type":"ListItem","position":2,"name":"Naprawa Laptop\u00f3w Macbook Apple"}]},{"@type":"WebSite","@id":"https:\/\/naprawaiphone.pl\/#website","url":"https:\/\/naprawaiphone.pl\/","name":"Serwis i naprawa iPhone, iPad, iPod, Macbook","description":"Profesjonalny serwis urz\u0105dze\u0144 Apple iPhone, iPad, iPod, Macbook. Odwied\u017a nas w Warszawie i skorzystaj z naprawy od r\u0119ki.","publisher":{"@id":"https:\/\/naprawaiphone.pl\/#organization"},"potentialAction":[{"@type":"SearchAction","target":{"@type":"EntryPoint","urlTemplate":"https:\/\/naprawaiphone.pl\/?s={search_term_string}"},"query-input":"required name=search_term_string"}],"inLanguage":"pl-PL"},{"@type":"Organization","@id":"https:\/\/naprawaiphone.pl\/#organization","name":"Centrum Urz\u0105dze\u0144 Mobilnych","url":"https:\/\/naprawaiphone.pl\/","logo":{"@type":"ImageObject","inLanguage":"pl-PL","@id":"https:\/\/naprawaiphone.pl\/#\/schema\/logo\/image\/","url":"https:\/\/naprawaiphone.pl\/wp-content\/uploads\/2020\/10\/Logo_Slawek_duze-removebg-preview.png","contentUrl":"https:\/\/naprawaiphone.pl\/wp-content\/uploads\/2020\/10\/Logo_Slawek_duze-removebg-preview.png","width":495,"height":504,"caption":"Centrum Urz\u0105dze\u0144 Mobilnych"},"image":{"@id":"https:\/\/naprawaiphone.pl\/#\/schema\/logo\/image\/"}}]}},"_links":{"self":[{"href":"https:\/\/naprawaiphone.pl\/index.php\/wp-json\/wp\/v2\/pages\/1466"}],"collection":[{"href":"https:\/\/naprawaiphone.pl\/index.php\/wp-json\/wp\/v2\/pages"}],"about":[{"href":"https:\/\/naprawaiphone.pl\/index.php\/wp-json\/wp\/v2\/types\/page"}],"author":[{"embeddable":true,"href":"https:\/\/naprawaiphone.pl\/index.php\/wp-json\/wp\/v2\/users\/1"}],"replies":[{"embeddable":true,"href":"https:\/\/naprawaiphone.pl\/index.php\/wp-json\/wp\/v2\/comments?post=1466"}],"version-history":[{"count":24,"href":"https:\/\/naprawaiphone.pl\/index.php\/wp-json\/wp\/v2\/pages\/1466\/revisions"}],"predecessor-version":[{"id":3094,"href":"https:\/\/naprawaiphone.pl\/index.php\/wp-json\/wp\/v2\/pages\/1466\/revisions\/3094"}],"wp:attachment":[{"href":"https:\/\/naprawaiphone.pl\/index.php\/wp-json\/wp\/v2\/media?parent=1466"}],"curies":[{"name":"wp","href":"https:\/\/api.w.org\/{rel}","templated":true}]}}